File: /home/austinssckids/logs/staging.austinssckids.com-ssl_log.bkup
66.249.65.42 - - [31/Mar/2026:12:06:30 +0000] "POST /kaunet/categoryshop/office/sitemap/KWf_CGmNaviPlusAjaxAction.jsp HTTP/1.1" 200 60448 "https://staging.austinssckids.com/detail/46094747" "Mozilla/5.0 (Linux; Android 6.0.1; Nexus 5X Build/MMB29P) AppleWebKit/537.36 (KHTML, like Gecko) Chrome/146.0.7680.153 Mobile Safari/537.36 (compatible; GoogleOther)"
66.249.65.41 - - [31/Mar/2026:12:06:46 +0000] "POST /kaunet/categoryshop/office/sitemap/KWf_CGmNaviPlusAjaxAction.jsp HTTP/1.1" 200 60448 "https://staging.austinssckids.com/detail/1986915408" "Mozilla/5.0 (Linux; Android 6.0.1; Nexus 5X Build/MMB29P) AppleWebKit/537.36 (KHTML, like Gecko) Chrome/146.0.7680.153 Mobile Safari/537.36 (compatible; GoogleOther)"
66.249.65.41 - - [31/Mar/2026:12:06:47 +0000] "GET /categoryshop/office/sitemap/PageManager.jsp?FRM=1&ListRoot=categoryRanking&Condition=010 HTTP/1.1" 200 60906 "-" "Mozilla/5.0 (Linux; Android 6.0.1; Nexus 5X Build/MMB29P) AppleWebKit/537.36 (KHTML, like Gecko) Chrome/146.0.7680.153 Mobile Safari/537.36 (compatible; GoogleOther)"
66.249.65.42 - - [31/Mar/2026:12:06:51 +0000] "GET /detail/2530663482 HTTP/1.1" 200 61389 "-" "Mozilla/5.0 (Linux; Android 6.0.1; Nexus 5X Build/MMB29P) AppleWebKit/537.36 (KHTML, like Gecko) Chrome/146.0.7680.153 Mobile Safari/537.36 (compatible; GoogleOther)"
66.249.65.43 - - [31/Mar/2026:12:07:17 +0000] "POST /kaunet/categoryshop/office/sitemap/KWf_CGmNaviPlusAjaxAction.jsp HTTP/1.1" 200 60448 "https://staging.austinssckids.com/detail/2179378385" "Mozilla/5.0 (Linux; Android 6.0.1; Nexus 5X Build/MMB29P) AppleWebKit/537.36 (KHTML, like Gecko) Chrome/146.0.7680.153 Mobile Safari/537.36 (compatible; GoogleOther)"
66.249.65.42 - - [31/Mar/2026:12:07:28 +0000] "POST /kaunet/categoryshop/office/sitemap/KWf_CGmNaviPlusAjaxAction.jsp HTTP/1.1" 200 60448 "https://staging.austinssckids.com/detail/307289974" "Mozilla/5.0 (Linux; Android 6.0.1; Nexus 5X Build/MMB29P) AppleWebKit/537.36 (KHTML, like Gecko) Chrome/146.0.7680.153 Mobile Safari/537.36 (compatible; GoogleOther)"
66.249.65.41 - - [31/Mar/2026:12:07:49 +0000] "POST /kaunet/categoryshop/office/sitemap/KWf_CGmNaviPlusAjaxAction.jsp HTTP/1.1" 200 60448 "https://staging.austinssckids.com/detail/487407656" "Mozilla/5.0 (Linux; Android 6.0.1; Nexus 5X Build/MMB29P) AppleWebKit/537.36 (KHTML, like Gecko) Chrome/146.0.7680.153 Mobile Safari/537.36 (compatible; GoogleOther)"
66.249.65.41 - - [31/Mar/2026:12:07:51 +0000] "GET /categoryshop/office/sitemap/PageManager.jsp?FRM=1&ListRoot=categoryRanking&Condition=023 HTTP/1.1" 200 60905 "-" "Mozilla/5.0 (Linux; Android 6.0.1; Nexus 5X Build/MMB29P) AppleWebKit/537.36 (KHTML, like Gecko) Chrome/146.0.7680.153 Mobile Safari/537.36 (compatible; GoogleOther)"
66.249.65.41 - - [31/Mar/2026:12:07:55 +0000] "GET /detail/811002302 HTTP/1.1" 200 61576 "-" "Mozilla/5.0 (Linux; Android 6.0.1; Nexus 5X Build/MMB29P) AppleWebKit/537.36 (KHTML, like Gecko) Chrome/146.0.7680.153 Mobile Safari/537.36 (compatible; GoogleOther)"
66.249.65.41 - - [31/Mar/2026:12:07:59 +0000] "POST /kaunet/categoryshop/office/sitemap/KWf_CGmNaviPlusAjaxAction.jsp HTTP/1.1" 200 60448 "https://staging.austinssckids.com/detail/2530663482" "Mozilla/5.0 (Linux; Android 6.0.1; Nexus 5X Build/MMB29P) AppleWebKit/537.36 (KHTML, like Gecko) Chrome/146.0.7680.153 Mobile Safari/537.36 (compatible; GoogleOther)"
66.249.65.43 - - [31/Mar/2026:12:11:00 +0000] "POST /kaunet/categoryshop/office/sitemap/KWf_CGmNaviPlusAjaxAction.jsp HTTP/1.1" 200 60448 "https://staging.austinssckids.com/detail/1135512045" "Mozilla/5.0 (Linux; Android 6.0.1; Nexus 5X Build/MMB29P) AppleWebKit/537.36 (KHTML, like Gecko) Chrome/146.0.7680.153 Mobile Safari/537.36 (compatible; GoogleOther)"
66.249.65.41 - - [31/Mar/2026:12:11:29 +0000] "POST /kaunet/categoryshop/office/sitemap/KWf_CGmNaviPlusAjaxAction.jsp HTTP/1.1" 200 60448 "https://staging.austinssckids.com/detail/811002302" "Mozilla/5.0 (Linux; Android 6.0.1; Nexus 5X Build/MMB29P) AppleWebKit/537.36 (KHTML, like Gecko) Chrome/146.0.7680.153 Mobile Safari/537.36 (compatible; GoogleOther)"
66.249.65.41 - - [31/Mar/2026:12:13:02 +0000] "POST /kaunet/categoryshop/office/sitemap/KWf_CGmNaviPlusAjaxAction.jsp HTTP/1.1" 200 60448 "https://staging.austinssckids.com/detail/4241486328" "Mozilla/5.0 (Linux; Android 6.0.1; Nexus 5X Build/MMB29P) AppleWebKit/537.36 (KHTML, like Gecko) Chrome/146.0.7680.153 Mobile Safari/537.36 (compatible; GoogleOther)"
66.249.65.41 - - [31/Mar/2026:12:14:16 +0000] "GET /detail/3204501812 HTTP/1.1" 200 60847 "-" "Mozilla/5.0 (Linux; Android 6.0.1; Nexus 5X Build/MMB29P) AppleWebKit/537.36 (KHTML, like Gecko) Chrome/146.0.7680.153 Mobile Safari/537.36 (compatible; GoogleOther)"
66.249.65.43 - - [31/Mar/2026:12:18:04 +0000] "POST /kaunet/categoryshop/office/sitemap/KWf_CGmNaviPlusAjaxAction.jsp HTTP/1.1" 200 60448 "https://staging.austinssckids.com/detail/2970270974" "Mozilla/5.0 (Linux; Android 6.0.1; Nexus 5X Build/MMB29P) AppleWebKit/537.36 (KHTML, like Gecko) Chrome/146.0.7680.153 Mobile Safari/537.36 (compatible; GoogleOther)"
66.249.65.41 - - [31/Mar/2026:12:19:17 +0000] "GET /detail/2654263453 HTTP/1.1" 200 60356 "-" "Mozilla/5.0 (Linux; Android 6.0.1; Nexus 5X Build/MMB29P) AppleWebKit/537.36 (KHTML, like Gecko) Chrome/146.0.7680.153 Mobile Safari/537.36 (compatible; GoogleOther)"
66.249.65.42 - - [31/Mar/2026:12:19:55 +0000] "GET /detail/4241486328 HTTP/1.1" 200 60862 "-" "Mozilla/5.0 (Linux; Android 6.0.1; Nexus 5X Build/MMB29P) AppleWebKit/537.36 (KHTML, like Gecko) Chrome/146.0.7680.153 Mobile Safari/537.36 (compatible; Googlebot/2.1; +http://www.google.com/bot.html)"
66.249.65.41 - - [31/Mar/2026:12:20:03 +0000] "POST /kaunet/categoryshop/office/sitemap/KWf_CGmNaviPlusAjaxAction.jsp HTTP/1.1" 200 60448 "https://staging.austinssckids.com/detail/4241486328" "Mozilla/5.0 (Linux; Android 6.0.1; Nexus 5X Build/MMB29P) AppleWebKit/537.36 (KHTML, like Gecko) Chrome/146.0.7680.153 Mobile Safari/537.36 (compatible; Googlebot/2.1; +http://www.google.com/bot.html)"
66.249.65.42 - - [31/Mar/2026:12:20:21 +0000] "GET /grp/K0025/32603/ HTTP/1.1" 200 62110 "-" "Mozilla/5.0 (Linux; Android 6.0.1; Nexus 5X Build/MMB29P) AppleWebKit/537.36 (KHTML, like Gecko) Chrome/146.0.7680.153 Mobile Safari/537.36 (compatible; GoogleOther)"
66.249.65.41 - - [31/Mar/2026:12:23:04 +0000] "POST /kaunet/categoryshop/office/sitemap/KWf_CGmNaviPlusAjaxAction.jsp HTTP/1.1" 200 60448 "https://staging.austinssckids.com/detail/1011165257" "Mozilla/5.0 (Linux; Android 6.0.1; Nexus 5X Build/MMB29P) AppleWebKit/537.36 (KHTML, like Gecko) Chrome/146.0.7680.153 Mobile Safari/537.36 (compatible; GoogleOther)"
66.249.65.41 - - [31/Mar/2026:12:23:31 +0000] "POST /kaunet/categoryshop/office/sitemap/KWf_CGmNaviPlusAjaxAction.jsp HTTP/1.1" 200 60448 "https://staging.austinssckids.com/detail/2654263453" "Mozilla/5.0 (Linux; Android 6.0.1; Nexus 5X Build/MMB29P) AppleWebKit/537.36 (KHTML, like Gecko) Chrome/146.0.7680.153 Mobile Safari/537.36 (compatible; GoogleOther)"
66.249.65.41 - - [31/Mar/2026:12:25:44 +0000] "GET /category/0/1/005/005020/?SPC=0&SGC=0&STA=0&FPC=0&FGC=0&FTA=0&SFL_DF=0&CPPR=1 HTTP/1.1" 404 34272 "-" "Mozilla/5.0 (Linux; Android 6.0.1; Nexus 5X Build/MMB29P) AppleWebKit/537.36 (KHTML, like Gecko) Chrome/146.0.7680.153 Mobile Safari/537.36 (compatible; Googlebot/2.1; +http://www.google.com/bot.html)"
66.249.65.41 - - [31/Mar/2026:12:28:40 +0000] "GET /detail/1610874662 HTTP/1.1" 200 61201 "-" "Mozilla/5.0 (Linux; Android 6.0.1; Nexus 5X Build/MMB29P) AppleWebKit/537.36 (KHTML, like Gecko) Chrome/146.0.7680.153 Mobile Safari/537.36 (compatible; GoogleOther)"
66.249.65.41 - - [31/Mar/2026:12:29:34 +0000] "GET /detail/3302686159 HTTP/1.1" 200 62345 "-" "Mozilla/5.0 (Linux; Android 6.0.1; Nexus 5X Build/MMB29P) AppleWebKit/537.36 (KHTML, like Gecko) Chrome/146.0.7680.153 Mobile Safari/537.36 (compatible; GoogleOther)"
66.249.65.41 - - [31/Mar/2026:12:29:39 +0000] "GET /detail/650736771 HTTP/1.1" 200 61992 "-" "Mozilla/5.0 (Linux; Android 6.0.1; Nexus 5X Build/MMB29P) AppleWebKit/537.36 (KHTML, like Gecko) Chrome/146.0.7680.153 Mobile Safari/537.36 (compatible; GoogleOther)"
66.249.65.41 - - [31/Mar/2026:12:29:43 +0000] "GET /detail/3461379096 HTTP/1.1" 200 61631 "-" "Mozilla/5.0 (Linux; Android 6.0.1; Nexus 5X Build/MMB29P) AppleWebKit/537.36 (KHTML, like Gecko) Chrome/146.0.7680.153 Mobile Safari/537.36 (compatible; GoogleOther)"
66.249.65.42 - - [31/Mar/2026:12:29:56 +0000] "POST /kaunet/categoryshop/office/sitemap/KWf_CGmNaviPlusAjaxAction.jsp HTTP/1.1" 200 60448 "https://staging.austinssckids.com/detail/3204501812" "Mozilla/5.0 (Linux; Android 6.0.1; Nexus 5X Build/MMB29P) AppleWebKit/537.36 (KHTML, like Gecko) Chrome/146.0.7680.153 Mobile Safari/537.36 (compatible; GoogleOther)"
66.249.65.43 - - [31/Mar/2026:12:30:44 +0000] "GET /detail/1392272260 HTTP/1.1" 200 61708 "-" "Mozilla/5.0 (Linux; Android 6.0.1; Nexus 5X Build/MMB29P) AppleWebKit/537.36 (KHTML, like Gecko) Chrome/146.0.7680.153 Mobile Safari/537.36 (compatible; GoogleOther)"
66.249.65.42 - - [31/Mar/2026:12:31:58 +0000] "POST /kaunet/categoryshop/office/sitemap/KWf_CGmNaviPlusAjaxAction.jsp HTTP/1.1" 200 60448 "https://staging.austinssckids.com/detail/3302686159" "Mozilla/5.0 (Linux; Android 6.0.1; Nexus 5X Build/MMB29P) AppleWebKit/537.36 (KHTML, like Gecko) Chrome/146.0.7680.153 Mobile Safari/537.36 (compatible; GoogleOther)"
66.249.65.42 - - [31/Mar/2026:12:32:45 +0000] "GET /userguide/payment HTTP/1.1" 200 61459 "-" "Mozilla/5.0 (Linux; Android 6.0.1; Nexus 5X Build/MMB29P) AppleWebKit/537.36 (KHTML, like Gecko) Chrome/146.0.7680.153 Mobile Safari/537.36 (compatible; GoogleOther)"
66.249.65.43 - - [31/Mar/2026:12:33:41 +0000] "GET /category/0/1/004/004009/?SPC=0&SGC=0&STA=0&FPC=0&FGC=0&FTA=0&SFL_DF=0&CPPR=1 HTTP/1.1" 404 34272 "-" "Mozilla/5.0 (Linux; Android 6.0.1; Nexus 5X Build/MMB29P) AppleWebKit/537.36 (KHTML, like Gecko) Chrome/146.0.7680.153 Mobile Safari/537.36 (compatible; GoogleOther)"
66.249.65.42 - - [31/Mar/2026:12:33:44 +0000] "POST /kaunet/categoryshop/office/sitemap/KWf_CGmNaviPlusAjaxAction.jsp HTTP/1.1" 200 60448 "https://staging.austinssckids.com/detail/1392272260" "Mozilla/5.0 (Linux; Android 6.0.1; Nexus 5X Build/MMB29P) AppleWebKit/537.36 (KHTML, like Gecko) Chrome/146.0.7680.153 Mobile Safari/537.36 (compatible; GoogleOther)"
66.249.65.43 - - [31/Mar/2026:12:34:00 +0000] "POST /kaunet/categoryshop/office/sitemap/KWf_CGmNaviPlusAjaxAction.jsp HTTP/1.1" 200 60448 "https://staging.austinssckids.com/userguide/payment" "Mozilla/5.0 (Linux; Android 6.0.1; Nexus 5X Build/MMB29P) AppleWebKit/537.36 (KHTML, like Gecko) Chrome/146.0.7680.153 Mobile Safari/537.36 (compatible; GoogleOther)"
66.249.65.42 - - [31/Mar/2026:12:34:10 +0000] "GET /detail/3302686159 HTTP/1.1" 200 62345 "-" "Mozilla/5.0 (Linux; Android 6.0.1; Nexus 5X Build/MMB29P) AppleWebKit/537.36 (KHTML, like Gecko) Chrome/146.0.7680.153 Mobile Safari/537.36 (compatible; Googlebot/2.1; +http://www.google.com/bot.html)"
138.197.32.106 - - [31/Mar/2026:12:34:29 +0000] "GET /wp-login.php HTTP/1.1" 200 2636 "https://www.facebook.com/" "Mozilla/5.0 (Macintosh; Intel Mac OS X 10_15_7; rv:119.0) Gecko/20100101 Firefox/119.0"
66.249.65.41 - - [31/Mar/2026:12:34:33 +0000] "POST /kaunet/categoryshop/office/sitemap/KWf_CGmNaviPlusAjaxAction.jsp HTTP/1.1" 200 60448 "https://staging.austinssckids.com/detail/3302686159" "Mozilla/5.0 (Linux; Android 6.0.1; Nexus 5X Build/MMB29P) AppleWebKit/537.36 (KHTML, like Gecko) Chrome/146.0.7680.153 Mobile Safari/537.36 (compatible; Googlebot/2.1; +http://www.google.com/bot.html)"
138.197.32.106 - - [31/Mar/2026:12:34:32 +0000] "GET /wp-admin/ HTTP/1.1" 302 1 "-" "Mozilla/5.0 (Macintosh; Intel Mac OS X 13_6_1; rv:119.0) Gecko/20100101 Firefox/119.0"
138.197.32.106 - - [31/Mar/2026:12:34:34 +0000] "GET /wp-login.php?redirect_to=https%3A%2F%2Fstaging.austinssckids.com%2Fwp-admin%2F&reauth=1 HTTP/1.1" 200 2636 "-" "Mozilla/5.0 (Macintosh; Intel Mac OS X 13_6_1; rv:119.0) Gecko/20100101 Firefox/119.0"
138.197.32.106 - - [31/Mar/2026:12:34:35 +0000] "GET /wp-admin/index.php HTTP/1.1" 302 1 "https://www.bing.com/" "Mozilla/5.0 (Windows NT 10.0; Win64; x64) AppleWebKit/537.36 (KHTML, like Gecko) Chrome/119.0.0.0 Safari/537.36"
138.197.32.106 - - [31/Mar/2026:12:34:37 +0000] "GET /wp-login.php?redirect_to=https%3A%2F%2Fstaging.austinssckids.com%2Fwp-admin%2Findex.php&reauth=1 HTTP/1.1" 200 2640 "https://www.bing.com/" "Mozilla/5.0 (Windows NT 10.0; Win64; x64) AppleWebKit/537.36 (KHTML, like Gecko) Chrome/119.0.0.0 Safari/537.36"
66.249.65.41 - - [31/Mar/2026:12:35:44 +0000] "GET /detail/2311769851 HTTP/1.1" 200 61573 "-" "Mozilla/5.0 (Linux; Android 6.0.1; Nexus 5X Build/MMB29P) AppleWebKit/537.36 (KHTML, like Gecko) Chrome/146.0.7680.153 Mobile Safari/537.36 (compatible; GoogleOther)"
66.249.65.43 - - [31/Mar/2026:12:35:48 +0000] "GET /detail/204679171 HTTP/1.1" 200 60323 "-" "Mozilla/5.0 (Linux; Android 6.0.1; Nexus 5X Build/MMB29P) AppleWebKit/537.36 (KHTML, like Gecko) Chrome/146.0.7680.153 Mobile Safari/537.36 (compatible; GoogleOther)"
66.249.65.42 - - [31/Mar/2026:12:35:52 +0000] "GET /detail/3892344309 HTTP/1.1" 200 60130 "-" "Mozilla/5.0 (Linux; Android 6.0.1; Nexus 5X Build/MMB29P) AppleWebKit/537.36 (KHTML, like Gecko) Chrome/146.0.7680.153 Mobile Safari/537.36 (compatible; GoogleOther)"
66.249.65.42 - - [31/Mar/2026:12:35:56 +0000] "GET /detail/172743001 HTTP/1.1" 200 60821 "-" "Mozilla/5.0 (Linux; Android 6.0.1; Nexus 5X Build/MMB29P) AppleWebKit/537.36 (KHTML, like Gecko) Chrome/146.0.7680.153 Mobile Safari/537.36 (compatible; GoogleOther)"
66.249.65.43 - - [31/Mar/2026:12:36:00 +0000] "GET /detail/2852683891 HTTP/1.1" 200 61382 "-" "Mozilla/5.0 (Linux; Android 6.0.1; Nexus 5X Build/MMB29P) AppleWebKit/537.36 (KHTML, like Gecko) Chrome/146.0.7680.153 Mobile Safari/537.36 (compatible; GoogleOther)"
66.249.65.42 - - [31/Mar/2026:12:36:05 +0000] "GET /detail/3590230496 HTTP/1.1" 200 61602 "-" "Mozilla/5.0 (Linux; Android 6.0.1; Nexus 5X Build/MMB29P) AppleWebKit/537.36 (KHTML, like Gecko) Chrome/146.0.7680.153 Mobile Safari/537.36 (compatible; GoogleOther)"
66.249.65.41 - - [31/Mar/2026:12:36:09 +0000] "GET /detail/2857659602 HTTP/1.1" 200 61747 "-" "Mozilla/5.0 (Linux; Android 6.0.1; Nexus 5X Build/MMB29P) AppleWebKit/537.36 (KHTML, like Gecko) Chrome/146.0.7680.153 Mobile Safari/537.36 (compatible; GoogleOther)"
66.249.65.42 - - [31/Mar/2026:12:36:13 +0000] "GET /detail/3323618973 HTTP/1.1" 200 61564 "-" "Mozilla/5.0 (Linux; Android 6.0.1; Nexus 5X Build/MMB29P) AppleWebKit/537.36 (KHTML, like Gecko) Chrome/146.0.7680.153 Mobile Safari/537.36 (compatible; GoogleOther)"
66.249.65.41 - - [31/Mar/2026:12:36:16 +0000] "POST /kaunet/categoryshop/office/sitemap/KWf_CGmNaviPlusAjaxAction.jsp HTTP/1.1" 200 60448 "https://staging.austinssckids.com/detail/3892344309" "Mozilla/5.0 (Linux; Android 6.0.1; Nexus 5X Build/MMB29P) AppleWebKit/537.36 (KHTML, like Gecko) Chrome/146.0.7680.153 Mobile Safari/537.36 (compatible; GoogleOther)"
66.249.65.41 - - [31/Mar/2026:12:36:18 +0000] "GET /detail/412520169 HTTP/1.1" 200 61286 "-" "Mozilla/5.0 (Linux; Android 6.0.1; Nexus 5X Build/MMB29P) AppleWebKit/537.36 (KHTML, like Gecko) Chrome/146.0.7680.153 Mobile Safari/537.36 (compatible; GoogleOther)"
66.249.65.43 - - [31/Mar/2026:12:36:29 +0000] "GET /category/0/1/022/022018/?SPC=0&SGC=0&STA=0&FPC=0&FGC=0&FTA=0&SFL_DF=0&CPPR=1 HTTP/1.1" 404 34273 "-" "Mozilla/5.0 (Linux; Android 6.0.1; Nexus 5X Build/MMB29P) AppleWebKit/537.36 (KHTML, like Gecko) Chrome/146.0.7680.153 Mobile Safari/537.36 (compatible; GoogleOther)"
66.249.65.41 - - [31/Mar/2026:12:36:40 +0000] "POST /kaunet/categoryshop/office/sitemap/KWf_CGmNaviPlusAjaxAction.jsp HTTP/1.1" 200 60448 "https://staging.austinssckids.com/detail/172743001" "Mozilla/5.0 (Linux; Android 6.0.1; Nexus 5X Build/MMB29P) AppleWebKit/537.36 (KHTML, like Gecko) Chrome/146.0.7680.153 Mobile Safari/537.36 (compatible; GoogleOther)"
66.249.65.43 - - [31/Mar/2026:12:37:37 +0000] "GET /detail/172743001 HTTP/1.1" 200 60821 "-" "Mozilla/5.0 (Linux; Android 6.0.1; Nexus 5X Build/MMB29P) AppleWebKit/537.36 (KHTML, like Gecko) Chrome/146.0.7680.153 Mobile Safari/537.36 (compatible; Googlebot/2.1; +http://www.google.com/bot.html)"
66.249.65.42 - - [31/Mar/2026:12:37:51 +0000] "GET /detail/3892344309 HTTP/1.1" 200 60130 "-" "Mozilla/5.0 (Linux; Android 6.0.1; Nexus 5X Build/MMB29P) AppleWebKit/537.36 (KHTML, like Gecko) Chrome/146.0.7680.153 Mobile Safari/537.36 (compatible; Googlebot/2.1; +http://www.google.com/bot.html)"
66.249.65.41 - - [31/Mar/2026:12:37:54 +0000] "POST /kaunet/categoryshop/office/sitemap/KWf_CGmNaviPlusAjaxAction.jsp HTTP/1.1" 200 60448 "https://staging.austinssckids.com/detail/172743001" "Mozilla/5.0 (Linux; Android 6.0.1; Nexus 5X Build/MMB29P) AppleWebKit/537.36 (KHTML, like Gecko) Chrome/146.0.7680.153 Mobile Safari/537.36 (compatible; Googlebot/2.1; +http://www.google.com/bot.html)"
66.249.65.41 - - [31/Mar/2026:12:38:16 +0000] "POST /kaunet/categoryshop/office/sitemap/KWf_CGmNaviPlusAjaxAction.jsp HTTP/1.1" 200 60448 "https://staging.austinssckids.com/detail/2857659602" "Mozilla/5.0 (Linux; Android 6.0.1; Nexus 5X Build/MMB29P) AppleWebKit/537.36 (KHTML, like Gecko) Chrome/146.0.7680.153 Mobile Safari/537.36 (compatible; GoogleOther)"
66.249.65.41 - - [31/Mar/2026:12:38:30 +0000] "POST /kaunet/categoryshop/office/sitemap/KWf_CGmNaviPlusAjaxAction.jsp HTTP/1.1" 200 60448 "https://staging.austinssckids.com/detail/204679171" "Mozilla/5.0 (Linux; Android 6.0.1; Nexus 5X Build/MMB29P) AppleWebKit/537.36 (KHTML, like Gecko) Chrome/146.0.7680.153 Mobile Safari/537.36 (compatible; GoogleOther)"
66.249.65.42 - - [31/Mar/2026:12:39:50 +0000] "POST /kaunet/categoryshop/office/sitemap/KWf_CGmNaviPlusAjaxAction.jsp HTTP/1.1" 200 60448 "https://staging.austinssckids.com/detail/412520169" "Mozilla/5.0 (Linux; Android 6.0.1; Nexus 5X Build/MMB29P) AppleWebKit/537.36 (KHTML, like Gecko) Chrome/146.0.7680.153 Mobile Safari/537.36 (compatible; GoogleOther)"
66.249.65.43 - - [31/Mar/2026:12:41:55 +0000] "POST /kaunet/categoryshop/office/sitemap/KWf_CGmNaviPlusAjaxAction.jsp HTTP/1.1" 200 60448 "https://staging.austinssckids.com/detail/3892344309" "Mozilla/5.0 (Linux; Android 6.0.1; Nexus 5X Build/MMB29P) AppleWebKit/537.36 (KHTML, like Gecko) Chrome/146.0.7680.153 Mobile Safari/537.36 (compatible; Googlebot/2.1; +http://www.google.com/bot.html)"
66.249.65.42 - - [31/Mar/2026:12:42:56 +0000] "POST /kaunet/categoryshop/office/sitemap/KWf_CGmNaviPlusAjaxAction.jsp HTTP/1.1" 200 60448 "https://staging.austinssckids.com/detail/2852683891" "Mozilla/5.0 (Linux; Android 6.0.1; Nexus 5X Build/MMB29P) AppleWebKit/537.36 (KHTML, like Gecko) Chrome/146.0.7680.153 Mobile Safari/537.36 (compatible; GoogleOther)"
66.249.65.43 - - [31/Mar/2026:12:43:20 +0000] "GET /detail/2304363029 HTTP/1.1" 200 61055 "-" "Mozilla/5.0 (Linux; Android 6.0.1; Nexus 5X Build/MMB29P) AppleWebKit/537.36 (KHTML, like Gecko) Chrome/146.0.7680.153 Mobile Safari/537.36 (compatible; GoogleOther)"
66.249.65.43 - - [31/Mar/2026:12:44:56 +0000] "POST /kaunet/categoryshop/office/sitemap/KWf_CGmNaviPlusAjaxAction.jsp HTTP/1.1" 200 60448 "https://staging.austinssckids.com/detail/2304363029" "Mozilla/5.0 (Linux; Android 6.0.1; Nexus 5X Build/MMB29P) AppleWebKit/537.36 (KHTML, like Gecko) Chrome/146.0.7680.153 Mobile Safari/537.36 (compatible; GoogleOther)"
66.249.65.42 - - [31/Mar/2026:12:45:45 +0000] "POST /kaunet/categoryshop/office/sitemap/KWf_CGmNaviPlusAjaxAction.jsp HTTP/1.1" 200 60448 "https://staging.austinssckids.com/detail/3590230496" "Mozilla/5.0 (Linux; Android 6.0.1; Nexus 5X Build/MMB29P) AppleWebKit/537.36 (KHTML, like Gecko) Chrome/146.0.7680.153 Mobile Safari/537.36 (compatible; GoogleOther)"
66.249.65.42 - - [31/Mar/2026:12:46:12 +0000] "GET /category/0/1/004/004031/?SPC=0&SGC=0&STA=0&FPC=0&FGC=0&FTA=0&SFL_DF=0&CPPR=1 HTTP/1.1" 404 34273 "-" "Mozilla/5.0 (Linux; Android 6.0.1; Nexus 5X Build/MMB29P) AppleWebKit/537.36 (KHTML, like Gecko) Chrome/146.0.7680.153 Mobile Safari/537.36 (compatible; GoogleOther)"
66.249.65.41 - - [31/Mar/2026:12:46:26 +0000] "POST /kaunet/categoryshop/office/sitemap/KWf_CGmNaviPlusAjaxAction.jsp HTTP/1.1" 200 60448 "https://staging.austinssckids.com/detail/2852683891" "Mozilla/5.0 (Linux; Android 6.0.1; Nexus 5X Build/MMB29P) AppleWebKit/537.36 (KHTML, like Gecko) Chrome/146.0.7680.153 Mobile Safari/537.36 (compatible; GoogleOther)"
66.249.65.41 - - [31/Mar/2026:12:46:52 +0000] "POST /kaunet/categoryshop/office/sitemap/KWf_CGmNaviPlusAjaxAction.jsp HTTP/1.1" 200 60448 "https://staging.austinssckids.com/detail/426078081" "Mozilla/5.0 (Linux; Android 6.0.1; Nexus 5X Build/MMB29P) AppleWebKit/537.36 (KHTML, like Gecko) Chrome/146.0.7680.153 Mobile Safari/537.36 (compatible; GoogleOther)"
66.249.65.43 - - [31/Mar/2026:12:47:29 +0000] "GET /detail/2852683891 HTTP/1.1" 200 61382 "-" "Mozilla/5.0 (Linux; Android 6.0.1; Nexus 5X Build/MMB29P) AppleWebKit/537.36 (KHTML, like Gecko) Chrome/146.0.7680.153 Mobile Safari/537.36 (compatible; Googlebot/2.1; +http://www.google.com/bot.html)"
66.249.65.41 - - [31/Mar/2026:12:48:09 +0000] "POST /kaunet/categoryshop/office/sitemap/KWf_CGmNaviPlusAjaxAction.jsp HTTP/1.1" 200 60448 "https://staging.austinssckids.com/detail/2852683891" "Mozilla/5.0 (Linux; Android 6.0.1; Nexus 5X Build/MMB29P) AppleWebKit/537.36 (KHTML, like Gecko) Chrome/146.0.7680.153 Mobile Safari/537.36 (compatible; Googlebot/2.1; +http://www.google.com/bot.html)"
66.249.65.42 - - [31/Mar/2026:12:49:18 +0000] "GET /grp/K0025/26075/ HTTP/1.1" 200 62110 "-" "Mozilla/5.0 (Linux; Android 6.0.1; Nexus 5X Build/MMB29P) AppleWebKit/537.36 (KHTML, like Gecko) Chrome/146.0.7680.153 Mobile Safari/537.36 (compatible; GoogleOther)"
66.249.65.43 - - [31/Mar/2026:12:51:02 +0000] "GET /detail/2101202251 HTTP/1.1" 200 61097 "-" "Mozilla/5.0 (Linux; Android 6.0.1; Nexus 5X Build/MMB29P) AppleWebKit/537.36 (KHTML, like Gecko) Chrome/146.0.7680.153 Mobile Safari/537.36 (compatible; GoogleOther)"
66.249.65.41 - - [31/Mar/2026:12:51:13 +0000] "GET /detail/1161629864 HTTP/1.1" 200 60245 "-" "Mozilla/5.0 (Linux; Android 6.0.1; Nexus 5X Build/MMB29P) AppleWebKit/537.36 (KHTML, like Gecko) Chrome/146.0.7680.153 Mobile Safari/537.36 (compatible; GoogleOther)"
66.249.65.41 - - [31/Mar/2026:12:51:27 +0000] "POST /kaunet/categoryshop/office/sitemap/KWf_CGmNaviPlusAjaxAction.jsp HTTP/1.1" 200 60448 "https://staging.austinssckids.com/detail/650736771" "Mozilla/5.0 (Linux; Android 6.0.1; Nexus 5X Build/MMB29P) AppleWebKit/537.36 (KHTML, like Gecko) Chrome/146.0.7680.153 Mobile Safari/537.36 (compatible; GoogleOther)"
66.249.65.43 - - [31/Mar/2026:12:53:04 +0000] "GET /detail/2586549623 HTTP/1.1" 200 62553 "-" "Mozilla/5.0 (Linux; Android 6.0.1; Nexus 5X Build/MMB29P) AppleWebKit/537.36 (KHTML, like Gecko) Chrome/146.0.7680.153 Mobile Safari/537.36 (compatible; GoogleOther)"
66.249.65.41 - - [31/Mar/2026:12:53:09 +0000] "GET /detail/1459206205 HTTP/1.1" 200 61427 "-" "Mozilla/5.0 (Linux; Android 6.0.1; Nexus 5X Build/MMB29P) AppleWebKit/537.36 (KHTML, like Gecko) Chrome/146.0.7680.153 Mobile Safari/537.36 (compatible; GoogleOther)"
66.249.65.41 - - [31/Mar/2026:12:53:14 +0000] "GET /detail/3663902577 HTTP/1.1" 200 62037 "-" "Mozilla/5.0 (Linux; Android 6.0.1; Nexus 5X Build/MMB29P) AppleWebKit/537.36 (KHTML, like Gecko) Chrome/146.0.7680.153 Mobile Safari/537.36 (compatible; GoogleOther)"
66.249.65.41 - - [31/Mar/2026:12:53:20 +0000] "GET /detail/3062245652 HTTP/1.1" 200 60277 "-" "Mozilla/5.0 (Linux; Android 6.0.1; Nexus 5X Build/MMB29P) AppleWebKit/537.36 (KHTML, like Gecko) Chrome/146.0.7680.153 Mobile Safari/537.36 (compatible; GoogleOther)"
66.249.65.42 - - [31/Mar/2026:12:53:25 +0000] "GET /detail/3334634741 HTTP/1.1" 200 60108 "-" "Mozilla/5.0 (Linux; Android 6.0.1; Nexus 5X Build/MMB29P) AppleWebKit/537.36 (KHTML, like Gecko) Chrome/146.0.7680.153 Mobile Safari/537.36 (compatible; GoogleOther)"
66.249.65.43 - - [31/Mar/2026:12:53:30 +0000] "GET /detail/536513759 HTTP/1.1" 200 61651 "-" "Mozilla/5.0 (Linux; Android 6.0.1; Nexus 5X Build/MMB29P) AppleWebKit/537.36 (KHTML, like Gecko) Chrome/146.0.7680.153 Mobile Safari/537.36 (compatible; GoogleOther)"
66.249.65.42 - - [31/Mar/2026:12:53:37 +0000] "POST /kaunet/categoryshop/office/sitemap/KWf_CGmNaviPlusAjaxAction.jsp HTTP/1.1" 200 60448 "https://staging.austinssckids.com/detail/2586549623" "Mozilla/5.0 (Linux; Android 6.0.1; Nexus 5X Build/MMB29P) AppleWebKit/537.36 (KHTML, like Gecko) Chrome/146.0.7680.153 Mobile Safari/537.36 (compatible; GoogleOther)"
66.249.65.43 - - [31/Mar/2026:12:53:42 +0000] "POST /kaunet/categoryshop/office/sitemap/KWf_CGmNaviPlusAjaxAction.jsp HTTP/1.1" 200 60448 "https://staging.austinssckids.com/detail/3663902577" "Mozilla/5.0 (Linux; Android 6.0.1; Nexus 5X Build/MMB29P) AppleWebKit/537.36 (KHTML, like Gecko) Chrome/146.0.7680.153 Mobile Safari/537.36 (compatible; GoogleOther)"
66.249.65.43 - - [31/Mar/2026:12:53:58 +0000] "POST /kaunet/categoryshop/office/sitemap/KWf_CGmNaviPlusAjaxAction.jsp HTTP/1.1" 200 60448 "https://staging.austinssckids.com/detail/536513759" "Mozilla/5.0 (Linux; Android 6.0.1; Nexus 5X Build/MMB29P) AppleWebKit/537.36 (KHTML, like Gecko) Chrome/146.0.7680.153 Mobile Safari/537.36 (compatible; GoogleOther)"
66.249.65.41 - - [31/Mar/2026:12:54:03 +0000] "POST /kaunet/categoryshop/office/sitemap/KWf_CGmNaviPlusAjaxAction.jsp HTTP/1.1" 200 60448 "https://staging.austinssckids.com/detail/1459206205" "Mozilla/5.0 (Linux; Android 6.0.1; Nexus 5X Build/MMB29P) AppleWebKit/537.36 (KHTML, like Gecko) Chrome/146.0.7680.153 Mobile Safari/537.36 (compatible; GoogleOther)"
66.249.65.41 - - [31/Mar/2026:12:54:17 +0000] "GET /detail/650736771 HTTP/1.1" 200 61992 "-" "Mozilla/5.0 (Linux; Android 6.0.1; Nexus 5X Build/MMB29P) AppleWebKit/537.36 (KHTML, like Gecko) Chrome/146.0.7680.153 Mobile Safari/537.36 (compatible; Googlebot/2.1; +http://www.google.com/bot.html)"
66.249.65.41 - - [31/Mar/2026:12:54:59 +0000] "POST /kaunet/categoryshop/office/sitemap/KWf_CGmNaviPlusAjaxAction.jsp HTTP/1.1" 200 60448 "https://staging.austinssckids.com/detail/3062245652" "Mozilla/5.0 (Linux; Android 6.0.1; Nexus 5X Build/MMB29P) AppleWebKit/537.36 (KHTML, like Gecko) Chrome/146.0.7680.153 Mobile Safari/537.36 (compatible; GoogleOther)"
66.249.65.41 - - [31/Mar/2026:12:55:00 +0000] "GET /detail/1459206205 HTTP/1.1" 200 61427 "-" "Mozilla/5.0 (Linux; Android 6.0.1; Nexus 5X Build/MMB29P) AppleWebKit/537.36 (KHTML, like Gecko) Chrome/146.0.7680.153 Mobile Safari/537.36 (compatible; Googlebot/2.1; +http://www.google.com/bot.html)"
66.249.65.41 - - [31/Mar/2026:12:55:25 +0000] "POST /kaunet/categoryshop/office/sitemap/KWf_CGmNaviPlusAjaxAction.jsp HTTP/1.1" 200 60448 "https://staging.austinssckids.com/detail/3334634741" "Mozilla/5.0 (Linux; Android 6.0.1; Nexus 5X Build/MMB29P) AppleWebKit/537.36 (KHTML, like Gecko) Chrome/146.0.7680.153 Mobile Safari/537.36 (compatible; GoogleOther)"
66.249.65.42 - - [31/Mar/2026:12:55:29 +0000] "POST /kaunet/categoryshop/office/sitemap/KWf_CGmNaviPlusAjaxAction.jsp HTTP/1.1" 200 60448 "https://staging.austinssckids.com/detail/1459206205" "Mozilla/5.0 (Linux; Android 6.0.1; Nexus 5X Build/MMB29P) AppleWebKit/537.36 (KHTML, like Gecko) Chrome/146.0.7680.153 Mobile Safari/537.36 (compatible; Googlebot/2.1; +http://www.google.com/bot.html)"
66.249.65.43 - - [31/Mar/2026:12:56:07 +0000] "GET /detail/3062245652 HTTP/1.1" 200 60277 "-" "Mozilla/5.0 (Linux; Android 6.0.1; Nexus 5X Build/MMB29P) AppleWebKit/537.36 (KHTML, like Gecko) Chrome/146.0.7680.153 Mobile Safari/537.36 (compatible; Googlebot/2.1; +http://www.google.com/bot.html)"
66.249.65.42 - - [31/Mar/2026:12:56:22 +0000] "POST /kaunet/categoryshop/office/sitemap/KWf_CGmNaviPlusAjaxAction.jsp HTTP/1.1" 200 60448 "https://staging.austinssckids.com/detail/3062245652" "Mozilla/5.0 (Linux; Android 6.0.1; Nexus 5X Build/MMB29P) AppleWebKit/537.36 (KHTML, like Gecko) Chrome/146.0.7680.153 Mobile Safari/537.36 (compatible; Googlebot/2.1; +http://www.google.com/bot.html)"
66.249.65.41 - - [31/Mar/2026:12:56:31 +0000] "POST /kaunet/categoryshop/office/sitemap/KWf_CGmNaviPlusAjaxAction.jsp HTTP/1.1" 200 60448 "https://staging.austinssckids.com/detail/1459206205" "Mozilla/5.0 (Linux; Android 6.0.1; Nexus 5X Build/MMB29P) AppleWebKit/537.36 (KHTML, like Gecko) Chrome/146.0.7680.153 Mobile Safari/537.36 (compatible; Googlebot/2.1; +http://www.google.com/bot.html)"
66.249.65.41 - - [31/Mar/2026:13:02:19 +0000] "GET /detail/3334634741 HTTP/1.1" 200 60108 "-" "Mozilla/5.0 (Linux; Android 6.0.1; Nexus 5X Build/MMB29P) AppleWebKit/537.36 (KHTML, like Gecko) Chrome/146.0.7680.153 Mobile Safari/537.36 (compatible; Googlebot/2.1; +http://www.google.com/bot.html)"
66.249.65.41 - - [31/Mar/2026:13:04:08 +0000] "POST /kaunet/categoryshop/office/sitemap/KWf_CGmNaviPlusAjaxAction.jsp HTTP/1.1" 200 60448 "https://staging.austinssckids.com/detail/2101202251" "Mozilla/5.0 (Linux; Android 6.0.1; Nexus 5X Build/MMB29P) AppleWebKit/537.36 (KHTML, like Gecko) Chrome/146.0.7680.153 Mobile Safari/537.36 (compatible; GoogleOther)"
103.178.154.63 - - [31/Mar/2026:13:09:37 +0000] "GET /wp-admin/ HTTP/2.0" 200 - "-" "Mozilla/5.0 (Windows NT 10.0; Win64; x64) AppleWebKit/537.36 (KHTML, like Gecko) Chrome/146.0.0.0 Safari/537.36"
103.178.154.63 - - [31/Mar/2026:13:09:47 +0000] "GET /wp-admin/ HTTP/2.0" 200 37073 "-" "Mozilla/5.0 (Windows NT 10.0; Win64; x64) AppleWebKit/537.36 (KHTML, like Gecko) Chrome/146.0.0.0 Safari/537.36"
103.178.154.63 - - [31/Mar/2026:13:10:16 +0000] "GET /wp-content/plugins/elementor-pro/assets/css/admin.min.css?ver=4.0.0 HTTP/2.0" 200 3492 "https://staging.austinssckids.com/wp-admin/" "Mozilla/5.0 (Windows NT 10.0; Win64; x64) AppleWebKit/537.36 (KHTML, like Gecko) Chrome/146.0.0.0 Safari/537.36"
103.178.154.63 - - [31/Mar/2026:13:10:16 +0000] "GET /wp-content/plugins/elementor/assets/css/modules/editor-one/admin-menu.min.css?ver=4.0.0 HTTP/2.0" 200 1039 "https://staging.austinssckids.com/wp-admin/" "Mozilla/5.0 (Windows NT 10.0; Win64; x64) AppleWebKit/537.36 (KHTML, like Gecko) Chrome/146.0.0.0 Safari/537.36"
103.178.154.63 - - [31/Mar/2026:13:10:16 +0000] "GET /wp-content/plugins/elementor/assets/lib/eicons/css/elementor-icons.min.css?ver=5.48.0 HTTP/2.0" 200 4088 "https://staging.austinssckids.com/wp-admin/" "Mozilla/5.0 (Windows NT 10.0; Win64; x64) AppleWebKit/537.36 (KHTML, like Gecko) Chrome/146.0.0.0 Safari/537.36"
103.178.154.63 - - [31/Mar/2026:13:10:16 +0000] "GET /wp-content/plugins/elementor/assets/css/common.min.css?ver=4.0.0 HTTP/2.0" 200 3204 "https://staging.austinssckids.com/wp-admin/" "Mozilla/5.0 (Windows NT 10.0; Win64; x64) AppleWebKit/537.36 (KHTML, like Gecko) Chrome/146.0.0.0 Safari/537.36"
103.178.154.63 - - [31/Mar/2026:13:10:16 +0000] "GET /wp-content/plugins/elementor/assets/css/theme-light.min.css?ver=4.0.0 HTTP/2.0" 200 667 "https://staging.austinssckids.com/wp-admin/" "Mozilla/5.0 (Windows NT 10.0; Win64; x64) AppleWebKit/537.36 (KHTML, like Gecko) Chrome/146.0.0.0 Safari/537.36"
103.178.154.63 - - [31/Mar/2026:13:10:16 +0000] "GET /wp-content/plugins/elementor/assets/css/admin.min.css?ver=4.0.0 HTTP/2.0" 200 12624 "https://staging.austinssckids.com/wp-admin/" "Mozilla/5.0 (Windows NT 10.0; Win64; x64) AppleWebKit/537.36 (KHTML, like Gecko) Chrome/146.0.0.0 Safari/537.36"
103.178.154.63 - - [31/Mar/2026:13:10:16 +0000] "GET /wp-content/plugins/elementor/assets/js/dev-tools.min.js?ver=4.0.0 HTTP/2.0" 200 2349 "https://staging.austinssckids.com/wp-admin/" "Mozilla/5.0 (Windows NT 10.0; Win64; x64) AppleWebKit/537.36 (KHTML, like Gecko) Chrome/146.0.0.0 Safari/537.36"
103.178.154.63 - - [31/Mar/2026:13:10:16 +0000] "GET /wp-content/plugins/elementor/assets/js/web-cli.min.js?ver=4.0.0 HTTP/2.0" 200 37480 "https://staging.austinssckids.com/wp-admin/" "Mozilla/5.0 (Windows NT 10.0; Win64; x64) AppleWebKit/537.36 (KHTML, like Gecko) Chrome/146.0.0.0 Safari/537.36"
103.178.154.63 - - [31/Mar/2026:13:10:16 +0000] "GET /wp-content/plugins/elementor/assets/js/common-modules.min.js?ver=4.0.0 HTTP/2.0" 200 26659 "https://staging.austinssckids.com/wp-admin/" "Mozilla/5.0 (Windows NT 10.0; Win64; x64) AppleWebKit/537.36 (KHTML, like Gecko) Chrome/146.0.0.0 Safari/537.36"
103.178.154.63 - - [31/Mar/2026:13:10:17 +0000] "GET /wp-content/plugins/elementor/assets/js/app-loader.min.js?ver=4.0.0 HTTP/2.0" 200 23346 "https://staging.austinssckids.com/wp-admin/" "Mozilla/5.0 (Windows NT 10.0; Win64; x64) AppleWebKit/537.36 (KHTML, like Gecko) Chrome/146.0.0.0 Safari/537.36"
103.178.154.63 - - [31/Mar/2026:13:10:17 +0000] "GET /wp-content/plugins/elementor/assets/js/admin-modules.min.js?ver=4.0.0 HTTP/2.0" 200 4659 "https://staging.austinssckids.com/wp-admin/" "Mozilla/5.0 (Windows NT 10.0; Win64; x64) AppleWebKit/537.36 (KHTML, like Gecko) Chrome/146.0.0.0 Safari/537.36"
103.178.154.63 - - [31/Mar/2026:13:10:17 +0000] "GET /wp-content/plugins/elementor/assets/js/admin.min.js?ver=4.0.0 HTTP/2.0" 200 20526 "https://staging.austinssckids.com/wp-admin/" "Mozilla/5.0 (Windows NT 10.0; Win64; x64) AppleWebKit/537.36 (KHTML, like Gecko) Chrome/146.0.0.0 Safari/537.36"
103.178.154.63 - - [31/Mar/2026:13:10:17 +0000] "GET /wp-content/plugins/elementor/assets/js/common.min.js?ver=4.0.0 HTTP/2.0" 200 121461 "https://staging.austinssckids.com/wp-admin/" "Mozilla/5.0 (Windows NT 10.0; Win64; x64) AppleWebKit/537.36 (KHTML, like Gecko) Chrome/146.0.0.0 Safari/537.36"
103.178.154.63 - - [31/Mar/2026:13:10:18 +0000] "GET /wp-content/plugins/elementor-pro/assets/js/admin.min.js?ver=4.0.0 HTTP/2.0" 200 16829 "https://staging.austinssckids.com/wp-admin/" "Mozilla/5.0 (Windows NT 10.0; Win64; x64) AppleWebKit/537.36 (KHTML, like Gecko) Chrome/146.0.0.0 Safari/537.36"
103.178.154.63 - - [31/Mar/2026:13:10:18 +0000] "GET /wp-content/plugins/elementor/assets/js/editor-one-menu.min.js?ver=4.0.0 HTTP/2.0" 200 3279 "https://staging.austinssckids.com/wp-admin/" "Mozilla/5.0 (Windows NT 10.0; Win64; x64) AppleWebKit/537.36 (KHTML, like Gecko) Chrome/146.0.0.0 Safari/537.36"
103.178.154.63 - - [31/Mar/2026:13:10:18 +0000] "GET /wp-content/plugins/elementor/assets/js/import-export-admin.min.js?ver=4.0.0 HTTP/2.0" 200 2032 "https://staging.austinssckids.com/wp-admin/" "Mozilla/5.0 (Windows NT 10.0; Win64; x64) AppleWebKit/537.36 (KHTML, like Gecko) Chrome/146.0.0.0 Safari/537.36"
103.178.154.63 - - [31/Mar/2026:13:10:18 +0000] "GET /wp-content/plugins/elementor/assets/js/import-export-customization-admin.min.js?ver=4.0.0 HTTP/2.0" 200 10872 "https://staging.austinssckids.com/wp-admin/" "Mozilla/5.0 (Windows NT 10.0; Win64; x64) AppleWebKit/537.36 (KHTML, like Gecko) Chrome/146.0.0.0 Safari/537.36"
103.178.154.63 - - [31/Mar/2026:13:10:19 +0000] "GET /wp-content/plugins/elementor/assets/lib/eicons/fonts/eicons.woff2?5.48.0 HTTP/2.0" 200 105709 "https://staging.austinssckids.com/wp-content/plugins/elementor/assets/lib/eicons/css/elementor-icons.min.css?ver=5.48.0" "Mozilla/5.0 (Windows NT 10.0; Win64; x64) AppleWebKit/537.36 (KHTML, like Gecko) Chrome/146.0.0.0 Safari/537.36"
66.249.65.43 - - [31/Mar/2026:13:09:56 +0000] "GET /category/0/1/004/004048/?SPC=0&SGC=0&STA=0&FPC=0&FGC=0&FTA=0&SFL_DF=0&CPPR=1 HTTP/1.1" 404 34273 "-" "Mozilla/5.0 (Linux; Android 6.0.1; Nexus 5X Build/MMB29P) AppleWebKit/537.36 (KHTML, like Gecko) Chrome/146.0.7680.153 Mobile Safari/537.36 (compatible; GoogleOther)"
192.169.178.204 - - [31/Mar/2026:13:10:22 +0000] "POST /wp-cron.php?doing_wp_cron=1774962621.9677639007568359375000 HTTP/1.1" 500 917 "-" "WordPress/6.8.5; https://staging.austinssckids.com"
192.169.178.204 - - [31/Mar/2026:13:11:29 +0000] "POST /wp-cron.php?doing_wp_cron=1774962685.6604120731353759765625 HTTP/1.1" 500 917 "-" "WordPress/6.8.5; https://staging.austinssckids.com"
103.178.154.63 - - [31/Mar/2026:13:10:18 +0000] "GET /wp-json/yoast/v1/statistics HTTP/2.0" 200 102 "https://staging.austinssckids.com/wp-admin/" "Mozilla/5.0 (Windows NT 10.0; Win64; x64) AppleWebKit/537.36 (KHTML, like Gecko) Chrome/146.0.0.0 Safari/537.36"
103.178.154.63 - - [31/Mar/2026:13:10:19 +0000] "POST /wp-admin/admin-ajax.php HTTP/2.0" 200 312 "https://staging.austinssckids.com/wp-admin/" "Mozilla/5.0 (Windows NT 10.0; Win64; x64) AppleWebKit/537.36 (KHTML, like Gecko) Chrome/146.0.0.0 Safari/537.36"
103.178.154.63 - - [31/Mar/2026:13:10:19 +0000] "GET /wp-admin/admin-ajax.php?action=dashboard-widgets&widget=dashboard_primary&pagenow=dashboard HTTP/2.0" 200 332 "https://staging.austinssckids.com/wp-admin/" "Mozilla/5.0 (Windows NT 10.0; Win64; x64) AppleWebKit/537.36 (KHTML, like Gecko) Chrome/146.0.0.0 Safari/537.36"
192.169.178.204 - - [31/Mar/2026:13:11:32 +0000] "POST /wp-cron.php?doing_wp_cron=1774962690.9930360317230224609375 HTTP/1.1" 500 917 "-" "WordPress/6.8.5; https://staging.austinssckids.com"
192.169.178.204 - - [31/Mar/2026:13:11:48 +0000] "POST /wp-cron.php?doing_wp_cron=1774962705.1570320129394531250000 HTTP/1.1" 200 1 "-" "WordPress/6.8.5; https://staging.austinssckids.com"
103.178.154.63 - - [31/Mar/2026:13:11:41 +0000] "POST /wp-admin/admin-ajax.php HTTP/2.0" 500 - "https://staging.austinssckids.com/wp-admin/" "Mozilla/5.0 (Windows NT 10.0; Win64; x64) AppleWebKit/537.36 (KHTML, like Gecko) Chrome/146.0.0.0 Safari/537.36"
66.249.65.41 - - [31/Mar/2026:13:13:31 +0000] "POST /kaunet/categoryshop/office/sitemap/KWf_CGmNaviPlusAjaxAction.jsp HTTP/1.1" 200 60448 "https://staging.austinssckids.com/detail/2555754603" "Mozilla/5.0 (Linux; Android 6.0.1; Nexus 5X Build/MMB29P) AppleWebKit/537.36 (KHTML, like Gecko) Chrome/146.0.7680.153 Mobile Safari/537.36 (compatible; GoogleOther)"
192.169.178.204 - - [31/Mar/2026:13:12:48 +0000] "POST /wp-cron.php?doing_wp_cron=1774962767.3358879089355468750000 HTTP/1.1" 200 1 "-" "WordPress/6.8.5; https://staging.austinssckids.com"
103.178.154.63 - - [31/Mar/2026:13:12:45 +0000] "POST /wp-admin/admin-ajax.php HTTP/2.0" 200 - "https://staging.austinssckids.com/wp-admin/" "Mozilla/5.0 (Windows NT 10.0; Win64; x64) AppleWebKit/537.36 (KHTML, like Gecko) Chrome/146.0.0.0 Safari/537.36"
66.249.65.43 - - [31/Mar/2026:13:14:30 +0000] "GET /detail/2522534498 HTTP/1.1" 200 60098 "-" "Mozilla/5.0 (Linux; Android 6.0.1; Nexus 5X Build/MMB29P) AppleWebKit/537.36 (KHTML, like Gecko) Chrome/146.0.7680.153 Mobile Safari/537.36 (compatible; GoogleOther)"
192.169.178.204 - - [31/Mar/2026:13:14:01 +0000] "POST /wp-cron.php?doing_wp_cron=1774962840.1900970935821533203125 HTTP/1.1" 200 1 "-" "WordPress/6.8.5; https://staging.austinssckids.com"
103.178.154.63 - - [31/Mar/2026:13:14:46 +0000] "POST /wp-admin/admin-ajax.php HTTP/2.0" 200 - "https://staging.austinssckids.com/wp-admin/" "Mozilla/5.0 (Windows NT 10.0; Win64; x64) AppleWebKit/537.36 (KHTML, like Gecko) Chrome/146.0.0.0 Safari/537.36"
103.178.154.63 - - [31/Mar/2026:13:16:47 +0000] "POST /wp-admin/admin-ajax.php HTTP/2.0" 200 51 "https://staging.austinssckids.com/wp-admin/" "Mozilla/5.0 (Windows NT 10.0; Win64; x64) AppleWebKit/537.36 (KHTML, like Gecko) Chrome/146.0.0.0 Safari/537.36"
66.249.65.42 - - [31/Mar/2026:13:17:57 +0000] "GET /detail/1464893543 HTTP/1.1" 200 61859 "-" "Mozilla/5.0 (Linux; Android 6.0.1; Nexus 5X Build/MMB29P) AppleWebKit/537.36 (KHTML, like Gecko) Chrome/146.0.7680.153 Mobile Safari/537.36 (compatible; GoogleOther)"
103.178.154.63 - - [31/Mar/2026:13:18:48 +0000] "POST /wp-admin/admin-ajax.php HTTP/2.0" 200 51 "https://staging.austinssckids.com/wp-admin/" "Mozilla/5.0 (Windows NT 10.0; Win64; x64) AppleWebKit/537.36 (KHTML, like Gecko) Chrome/146.0.0.0 Safari/537.36"
66.249.65.41 - - [31/Mar/2026:13:20:50 +0000] "GET /detail/1322957228 HTTP/1.1" 200 60204 "-" "Mozilla/5.0 (Linux; Android 6.0.1; Nexus 5X Build/MMB29P) AppleWebKit/537.36 (KHTML, like Gecko) Chrome/146.0.7680.153 Mobile Safari/537.36 (compatible; GoogleOther)"
103.178.154.63 - - [31/Mar/2026:13:20:49 +0000] "POST /wp-admin/admin-ajax.php HTTP/2.0" 200 51 "https://staging.austinssckids.com/wp-admin/" "Mozilla/5.0 (Windows NT 10.0; Win64; x64) AppleWebKit/537.36 (KHTML, like Gecko) Chrome/146.0.0.0 Safari/537.36"
103.178.154.63 - - [31/Mar/2026:13:22:50 +0000] "POST /wp-admin/admin-ajax.php HTTP/2.0" 200 51 "https://staging.austinssckids.com/wp-admin/" "Mozilla/5.0 (Windows NT 10.0; Win64; x64) AppleWebKit/537.36 (KHTML, like Gecko) Chrome/146.0.0.0 Safari/537.36"
66.249.65.43 - - [31/Mar/2026:13:23:12 +0000] "POST /kaunet/categoryshop/office/sitemap/KWf_CGmNaviPlusAjaxAction.jsp HTTP/1.1" 200 60448 "https://staging.austinssckids.com/detail/1322957228" "Mozilla/5.0 (Linux; Android 6.0.1; Nexus 5X Build/MMB29P) AppleWebKit/537.36 (KHTML, like Gecko) Chrome/146.0.7680.153 Mobile Safari/537.36 (compatible; GoogleOther)"
66.249.65.42 - - [31/Mar/2026:13:23:42 +0000] "GET /detail/2160148591 HTTP/1.1" 200 60887 "-" "Mozilla/5.0 (Linux; Android 6.0.1; Nexus 5X Build/MMB29P) AppleWebKit/537.36 (KHTML, like Gecko) Chrome/146.0.7680.153 Mobile Safari/537.36 (compatible; GoogleOther)"
66.249.65.41 - - [31/Mar/2026:13:23:59 +0000] "POST /kaunet/categoryshop/office/sitemap/KWf_CGmNaviPlusAjaxAction.jsp HTTP/1.1" 200 60448 "https://staging.austinssckids.com/detail/2160148591" "Mozilla/5.0 (Linux; Android 6.0.1; Nexus 5X Build/MMB29P) AppleWebKit/537.36 (KHTML, like Gecko) Chrome/146.0.7680.153 Mobile Safari/537.36 (compatible; GoogleOther)"
66.249.65.42 - - [31/Mar/2026:13:29:16 +0000] "GET /detail/3952807317 HTTP/1.1" 200 62047 "-" "Mozilla/5.0 (Linux; Android 6.0.1; Nexus 5X Build/MMB29P) AppleWebKit/537.36 (KHTML, like Gecko) Chrome/146.0.7680.153 Mobile Safari/537.36 (compatible; GoogleOther)"
66.249.65.43 - - [31/Mar/2026:13:30:34 +0000] "GET /category/0/1/004/004010/?SPC=0&SGC=0&STA=0&FPC=0&FGC=0&FTA=0&SFL_DF=0&CPPR=1 HTTP/1.1" 404 34273 "-" "Mozilla/5.0 (Linux; Android 6.0.1; Nexus 5X Build/MMB29P) AppleWebKit/537.36 (KHTML, like Gecko) Chrome/146.0.7680.153 Mobile Safari/537.36 (compatible; GoogleOther)"
66.249.65.43 - - [31/Mar/2026:13:34:05 +0000] "POST /kaunet/categoryshop/office/sitemap/KWf_CGmNaviPlusAjaxAction.jsp HTTP/1.1" 200 60448 "https://staging.austinssckids.com/detail/3952807317" "Mozilla/5.0 (Linux; Android 6.0.1; Nexus 5X Build/MMB29P) AppleWebKit/537.36 (KHTML, like Gecko) Chrome/146.0.7680.153 Mobile Safari/537.36 (compatible; GoogleOther)"
54.228.137.189 - - [31/Mar/2026:13:40:53 +0000] "GET / HTTP/1.1" 301 - "-" "Go-http-client/1.1"
66.249.65.42 - - [31/Mar/2026:13:43:19 +0000] "GET /detail/2962460099 HTTP/1.1" 200 60851 "-" "Mozilla/5.0 (Linux; Android 6.0.1; Nexus 5X Build/MMB29P) AppleWebKit/537.36 (KHTML, like Gecko) Chrome/146.0.7680.153 Mobile Safari/537.36 (compatible; GoogleOther)"
66.249.65.42 - - [31/Mar/2026:13:43:36 +0000] "POST /kaunet/categoryshop/office/sitemap/KWf_CGmNaviPlusAjaxAction.jsp HTTP/1.1" 200 60448 "https://staging.austinssckids.com/detail/2962460099" "Mozilla/5.0 (Linux; Android 6.0.1; Nexus 5X Build/MMB29P) AppleWebKit/537.36 (KHTML, like Gecko) Chrome/146.0.7680.153 Mobile Safari/537.36 (compatible; GoogleOther)"
66.249.65.43 - - [31/Mar/2026:13:44:34 +0000] "GET /detail/428637321 HTTP/1.1" 200 62617 "-" "Mozilla/5.0 (Linux; Android 6.0.1; Nexus 5X Build/MMB29P) AppleWebKit/537.36 (KHTML, like Gecko) Chrome/146.0.7680.153 Mobile Safari/537.36 (compatible; GoogleOther)"
66.249.65.42 - - [31/Mar/2026:13:44:37 +0000] "GET /detail/2028539561 HTTP/1.1" 200 61965 "-" "Mozilla/5.0 (Linux; Android 6.0.1; Nexus 5X Build/MMB29P) AppleWebKit/537.36 (KHTML, like Gecko) Chrome/146.0.7680.153 Mobile Safari/537.36 (compatible; GoogleOther)"
66.249.65.42 - - [31/Mar/2026:13:44:40 +0000] "GET /detail/882092789 HTTP/1.1" 200 61372 "-" "Mozilla/5.0 (Linux; Android 6.0.1; Nexus 5X Build/MMB29P) AppleWebKit/537.36 (KHTML, like Gecko) Chrome/146.0.7680.153 Mobile Safari/537.36 (compatible; GoogleOther)"
66.249.65.41 - - [31/Mar/2026:13:44:44 +0000] "GET /detail/3656246222 HTTP/1.1" 200 64905 "-" "Mozilla/5.0 (Linux; Android 6.0.1; Nexus 5X Build/MMB29P) AppleWebKit/537.36 (KHTML, like Gecko) Chrome/146.0.7680.153 Mobile Safari/537.36 (compatible; GoogleOther)"
66.249.65.42 - - [31/Mar/2026:13:44:48 +0000] "POST /kaunet/categoryshop/office/sitemap/KWf_CGmNaviPlusAjaxAction.jsp HTTP/1.1" 200 60448 "https://staging.austinssckids.com/detail/428637321" "Mozilla/5.0 (Linux; Android 6.0.1; Nexus 5X Build/MMB29P) AppleWebKit/537.36 (KHTML, like Gecko) Chrome/146.0.7680.153 Mobile Safari/537.36 (compatible; GoogleOther)"
66.249.65.41 - - [31/Mar/2026:13:44:51 +0000] "GET /detail/615750087 HTTP/1.1" 200 61793 "-" "Mozilla/5.0 (Linux; Android 6.0.1; Nexus 5X Build/MMB29P) AppleWebKit/537.36 (KHTML, like Gecko) Chrome/146.0.7680.153 Mobile Safari/537.36 (compatible; GoogleOther)"
66.249.65.43 - - [31/Mar/2026:13:44:55 +0000] "GET /detail/169366312 HTTP/1.1" 200 60317 "-" "Mozilla/5.0 (Linux; Android 6.0.1; Nexus 5X Build/MMB29P) AppleWebKit/537.36 (KHTML, like Gecko) Chrome/146.0.7680.153 Mobile Safari/537.36 (compatible; GoogleOther)"
66.249.65.43 - - [31/Mar/2026:13:45:09 +0000] "POST /kaunet/categoryshop/office/sitemap/KWf_CGmNaviPlusAjaxAction.jsp HTTP/1.1" 200 60448 "https://staging.austinssckids.com/detail/169366312" "Mozilla/5.0 (Linux; Android 6.0.1; Nexus 5X Build/MMB29P) AppleWebKit/537.36 (KHTML, like Gecko) Chrome/146.0.7680.153 Mobile Safari/537.36 (compatible; GoogleOther)"
66.249.65.41 - - [31/Mar/2026:13:45:20 +0000] "POST /kaunet/categoryshop/office/sitemap/KWf_CGmNaviPlusAjaxAction.jsp HTTP/1.1" 200 60448 "https://staging.austinssckids.com/detail/615750087" "Mozilla/5.0 (Linux; Android 6.0.1; Nexus 5X Build/MMB29P) AppleWebKit/537.36 (KHTML, like Gecko) Chrome/146.0.7680.153 Mobile Safari/537.36 (compatible; GoogleOther)"
66.249.65.41 - - [31/Mar/2026:13:45:40 +0000] "GET /detail/428637321 HTTP/1.1" 200 62617 "-" "Mozilla/5.0 (Linux; Android 6.0.1; Nexus 5X Build/MMB29P) AppleWebKit/537.36 (KHTML, like Gecko) Chrome/146.0.7680.153 Mobile Safari/537.36 (compatible; Googlebot/2.1; +http://www.google.com/bot.html)"
66.249.65.42 - - [31/Mar/2026:13:47:09 +0000] "GET /detail/468252349 HTTP/1.1" 200 60276 "-" "Mozilla/5.0 (Linux; Android 6.0.1; Nexus 5X Build/MMB29P) AppleWebKit/537.36 (KHTML, like Gecko) Chrome/146.0.7680.153 Mobile Safari/537.36 (compatible; GoogleOther)"
66.249.65.41 - - [31/Mar/2026:13:47:12 +0000] "GET /detail/254317952 HTTP/1.1" 200 61052 "-" "Mozilla/5.0 (Linux; Android 6.0.1; Nexus 5X Build/MMB29P) AppleWebKit/537.36 (KHTML, like Gecko) Chrome/146.0.7680.153 Mobile Safari/537.36 (compatible; GoogleOther)"
66.249.65.42 - - [31/Mar/2026:13:47:16 +0000] "POST /kaunet/categoryshop/office/sitemap/KWf_CGmNaviPlusAjaxAction.jsp HTTP/1.1" 200 60448 "https://staging.austinssckids.com/detail/468252349" "Mozilla/5.0 (Linux; Android 6.0.1; Nexus 5X Build/MMB29P) AppleWebKit/537.36 (KHTML, like Gecko) Chrome/146.0.7680.153 Mobile Safari/537.36 (compatible; GoogleOther)"
66.249.65.42 - - [31/Mar/2026:13:47:17 +0000] "GET /detail/1747123639 HTTP/1.1" 200 60916 "-" "Mozilla/5.0 (Linux; Android 6.0.1; Nexus 5X Build/MMB29P) AppleWebKit/537.36 (KHTML, like Gecko) Chrome/146.0.7680.153 Mobile Safari/537.36 (compatible; GoogleOther)"
66.249.65.42 - - [31/Mar/2026:13:47:19 +0000] "POST /kaunet/categoryshop/office/sitemap/KWf_CGmNaviPlusAjaxAction.jsp HTTP/1.1" 200 60448 "https://staging.austinssckids.com/detail/3656246222" "Mozilla/5.0 (Linux; Android 6.0.1; Nexus 5X Build/MMB29P) AppleWebKit/537.36 (KHTML, like Gecko) Chrome/146.0.7680.153 Mobile Safari/537.36 (compatible; GoogleOther)"
66.249.65.43 - - [31/Mar/2026:13:47:23 +0000] "POST /kaunet/categoryshop/office/sitemap/KWf_CGmNaviPlusAjaxAction.jsp HTTP/1.1" 200 60448 "https://staging.austinssckids.com/detail/1747123639" "Mozilla/5.0 (Linux; Android 6.0.1; Nexus 5X Build/MMB29P) AppleWebKit/537.36 (KHTML, like Gecko) Chrome/146.0.7680.153 Mobile Safari/537.36 (compatible; GoogleOther)"
66.249.65.42 - - [31/Mar/2026:13:47:51 +0000] "GET /userguide HTTP/1.1" 200 60613 "-" "Mozilla/5.0 (Linux; Android 6.0.1; Nexus 5X Build/MMB29P) AppleWebKit/537.36 (KHTML, like Gecko) Chrome/146.0.7680.153 Mobile Safari/537.36 (compatible; GoogleOther)"
66.249.65.42 - - [31/Mar/2026:13:48:14 +0000] "POST /kaunet/categoryshop/office/sitemap/KWf_CGmNaviPlusAjaxAction.jsp HTTP/1.1" 200 60448 "https://staging.austinssckids.com/detail/2028539561" "Mozilla/5.0 (Linux; Android 6.0.1; Nexus 5X Build/MMB29P) AppleWebKit/537.36 (KHTML, like Gecko) Chrome/146.0.7680.153 Mobile Safari/537.36 (compatible; GoogleOther)"
66.249.65.41 - - [31/Mar/2026:13:48:22 +0000] "GET /detail/1747123639 HTTP/1.1" 200 60916 "-" "Mozilla/5.0 (Linux; Android 6.0.1; Nexus 5X Build/MMB29P) AppleWebKit/537.36 (KHTML, like Gecko) Chrome/146.0.7680.153 Mobile Safari/537.36 (compatible; Googlebot/2.1; +http://www.google.com/bot.html)"
66.249.65.42 - - [31/Mar/2026:13:49:42 +0000] "POST /kaunet/categoryshop/office/sitemap/KWf_CGmNaviPlusAjaxAction.jsp HTTP/1.1" 200 60448 "https://staging.austinssckids.com/userguide" "Mozilla/5.0 (Linux; Android 6.0.1; Nexus 5X Build/MMB29P) AppleWebKit/537.36 (KHTML, like Gecko) Chrome/146.0.7680.153 Mobile Safari/537.36 (compatible; GoogleOther)"
66.249.65.43 - - [31/Mar/2026:13:50:10 +0000] "GET /category/0/1/004/004008/?SPC=0&SGC=0&STA=0&FPC=0&FGC=0&FTA=0&SFL_DF=0&CPPR=1 HTTP/1.1" 404 34273 "-" "Mozilla/5.0 (Linux; Android 6.0.1; Nexus 5X Build/MMB29P) AppleWebKit/537.36 (KHTML, like Gecko) Chrome/146.0.7680.153 Mobile Safari/537.36 (compatible; GoogleOther)"
66.249.65.41 - - [31/Mar/2026:13:50:32 +0000] "GET /detail/601284032 HTTP/1.1" 200 61267 "-" "Mozilla/5.0 (Linux; Android 6.0.1; Nexus 5X Build/MMB29P) AppleWebKit/537.36 (KHTML, like Gecko) Chrome/146.0.7680.153 Mobile Safari/537.36 (compatible; GoogleOther)"
66.249.65.41 - - [31/Mar/2026:13:50:44 +0000] "POST /kaunet/categoryshop/office/sitemap/KWf_CGmNaviPlusAjaxAction.jsp HTTP/1.1" 200 60448 "https://staging.austinssckids.com/detail/882092789" "Mozilla/5.0 (Linux; Android 6.0.1; Nexus 5X Build/MMB29P) AppleWebKit/537.36 (KHTML, like Gecko) Chrome/146.0.7680.153 Mobile Safari/537.36 (compatible; GoogleOther)"
