66.249.65.70 - - [02/Apr/2026:12:59:08 +0000] "GET /jobs HTTP/1.1" 301 278 "-" "Mozilla/5.0 (Linux; Android 6.0.1; Nexus 5X Build/MMB29P) AppleWebKit/537.36 (KHTML, like Gecko) Chrome/146.0.7680.164 Mobile Safari/537.36 (compatible; Googlebot/2.1; +http://www.google.com/bot.html)"
100.92.39.166 - - [02/Apr/2026:13:25:53 +0000] "GET /?rnd=1775136353429 HTTP/1.1" 301 296 "-" "Sucuri-UptimeMonitoring"
104.248.248.75 - - [02/Apr/2026:13:44:42 +0000] "GET / HTTP/1.1" 301 274 "-" "Mozilla/5.0 (X11; Linux x86_64; rv:142.0) Gecko/20100101 Firefox/142.0"
104.248.248.75 - - [02/Apr/2026:13:44:43 +0000] "GET /favicon.ico HTTP/1.1" 301 285 "http://austinssckids.com/" "Mozilla/5.0 (X11; Linux x86_64; rv:142.0) Gecko/20100101 Firefox/142.0"
136.243.220.209 - - [02/Apr/2026:14:01:57 +0000] "GET /robots.txt HTTP/1.1" 301 284 "-" "Mozilla/5.0 (compatible; DataForSeoBot/1.0; +https://dataforseo.com/dataforseo-bot)"
193.163.13.148 - - [02/Apr/2026:14:01:57 +0000] "GET / HTTP/1.1" 301 278 "https://bvb.atlassian.net/" "Mozilla/5.0 (Windows NT 10.0; Win64; x64) AppleWebKit/537.36 (KHTML, like Gecko) Chrome/146.0.0.0 Safari/537.36"
193.163.13.148 - - [02/Apr/2026:14:01:58 +0000] "GET / HTTP/1.1" 301 278 "https://bvb.atlassian.net/" "Mozilla/5.0 (Windows NT 10.0; Win64; x64) AppleWebKit/537.36 (KHTML, like Gecko) Chrome/146.0.0.0 Safari/537.36"
100.92.36.190 - - [02/Apr/2026:14:13:46 +0000] "GET /?rnd=1775139225075 HTTP/1.1" 301 296 "-" "Sucuri-UptimeMonitoring"
100.23.109.134 - - [02/Apr/2026:14:13:57 +0000] "GET /?rnd=1775139237023 HTTP/1.1" 301 296 "-" "Sucuri-UptimeMonitoring"
100.88.133.67 - - [02/Apr/2026:14:13:59 +0000] "GET /?rnd=1775139239837 HTTP/1.1" 301 296 "-" "Sucuri-UptimeMonitoring"
32.193.52.205 - - [02/Apr/2026:14:16:52 +0000] "GET /robots.txt HTTP/1.1" 301 288 "-" "Mozilla/5.0 (Macintosh; Intel Mac OS X 10_10_1) AppleWebKit/600.2.5 (KHTML, like Gecko) Version/8.0.2 Safari/600.2.5 (Gort)"
216.244.66.197 - - [02/Apr/2026:15:02:56 +0000] "GET /robots.txt HTTP/1.1" 301 288 "-" "Mozilla/5.0 (compatible; DotBot/1.2; +https://opensiteexplorer.org/dotbot; help@moz.com)"
100.92.38.23 - - [02/Apr/2026:15:20:18 +0000] "GET /?rnd=1775142956659 HTTP/1.1" 301 296 "-" "Sucuri-UptimeMonitoring"
34.221.180.19 - - [02/Apr/2026:15:20:26 +0000] "GET /?rnd=1775142986724 HTTP/1.1" 301 296 "-" "Sucuri-UptimeMonitoring"
100.88.133.67 - - [02/Apr/2026:15:20:29 +0000] "GET /?rnd=1775143016906 HTTP/1.1" 301 296 "-" "Sucuri-UptimeMonitoring"
66.249.73.69 - - [02/Apr/2026:15:21:21 +0000] "GET /robots.txt HTTP/1.1" 301 288 "-" "Mozilla/5.0 (compatible; Googlebot/2.1; +http://www.google.com/bot.html)"
66.249.73.67 - - [02/Apr/2026:15:21:43 +0000] "GET / HTTP/1.1" 301 278 "-" "Mozilla/5.0 (Linux; Android 6.0.1; Nexus 5X Build/MMB29P) AppleWebKit/537.36 (KHTML, like Gecko) Chrome/146.0.7680.164 Mobile Safari/537.36 (compatible; Googlebot/2.1; +http://www.google.com/bot.html)"
43.167.239.66 - - [02/Apr/2026:15:22:48 +0000] "GET / HTTP/1.1" 301 274 "-" "Mozilla/5.0 (iPhone; CPU iPhone OS 13_2_3 like Mac OS X) AppleWebKit/605.1.15 (KHTML, like Gecko) Version/13.0.3 Mobile/15E148 Safari/604.1"
100.92.39.166 - - [02/Apr/2026:15:30:13 +0000] "GET /?rnd=1775143813250 HTTP/1.1" 301 296 "-" "Sucuri-UptimeMonitoring"
35.95.119.164 - - [02/Apr/2026:15:30:43 +0000] "GET /?rnd=1775143843330 HTTP/1.1" 301 296 "-" "Sucuri-UptimeMonitoring"
100.88.133.67 - - [02/Apr/2026:15:31:13 +0000] "GET /?rnd=1775143873504 HTTP/1.1" 301 296 "-" "Sucuri-UptimeMonitoring"
5.181.169.97 - - [02/Apr/2026:15:55:43 +0000] "GET / HTTP/1.1" 301 274 "-" "Mozilla/5.0 (Windows NT 10.0; Win64; x64) AppleWebKit/537.36 (KHTML, like Gecko) Chrome/139.0.0.0 Safari/537.36/Nutch-1.21-SNAPSHOT"
192.169.178.204 - - [02/Apr/2026:15:59:24 +0000] "GET /.well-known/acme-challenge/6TFDOSGH5LO20VJS122628-SMBTM8V_7 HTTP/1.1" 200 64 "-" "Cpanel-HTTP-Client/1.0"
192.169.178.204 - - [02/Apr/2026:15:59:25 +0000] "GET /.well-known/acme-challenge/ES8YRRO2M289NYG8MKB_ZSE4P1PDH1VW HTTP/1.1" 200 64 "-" "Cpanel-HTTP-Client/1.0"
110.166.71.39 - - [02/Apr/2026:16:02:26 +0000] "GET / HTTP/1.1" 301 274 "-" "Mozilla/5.0 (iPhone; CPU iPhone OS 13_2_3 like Mac OS X) AppleWebKit/605.1.15 (KHTML, like Gecko) Version/13.0.3 Mobile/15E148 Safari/604.1"
43.173.176.6 - - [02/Apr/2026:16:18:09 +0000] "GET / HTTP/1.1" 301 274 "-" "Mozilla/5.0 (Windows NT 10.0; Win64; x64) AppleWebKit/537.36 (KHTML, like Gecko) Chrome/116.0.0.0 Safari/537.36"
100.92.38.124 - - [02/Apr/2026:16:18:10 +0000] "GET /?rnd=1775146690007 HTTP/1.1" 301 296 "-" "Sucuri-UptimeMonitoring"
43.172.194.126 - - [02/Apr/2026:16:18:24 +0000] "GET / HTTP/1.1" 301 274 "-" "Mozilla/5.0 (Windows NT 10.0; Win64; x64) AppleWebKit/537.36 (KHTML, like Gecko) Chrome/105.0.0.0 Safari/537.3"
100.92.36.190 - - [02/Apr/2026:16:32:28 +0000] "GET /?rnd=1775147548410 HTTP/1.1" 301 296 "-" "Sucuri-UptimeMonitoring"
100.92.39.166 - - [02/Apr/2026:17:20:22 +0000] "GET /?rnd=1775150422402 HTTP/1.1" 301 296 "-" "Sucuri-UptimeMonitoring"
100.92.39.166 - - [02/Apr/2026:17:34:40 +0000] "GET /?rnd=1775151280141 HTTP/1.1" 301 296 "-" "Sucuri-UptimeMonitoring"
75.50.238.65 - - [02/Apr/2026:17:43:03 +0000] "GET / HTTP/1.1" 301 278 "-" "Spark%20Desktop%20Helper/128518 CFNetwork/3860.400.51 Darwin/25.3.0"
75.50.238.65 - - [02/Apr/2026:17:43:03 +0000] "HEAD /favicon.ico HTTP/1.1" 301 - "-" "Spark%20Desktop%20Helper/128518 CFNetwork/3860.400.51 Darwin/25.3.0"
75.50.238.65 - - [02/Apr/2026:17:43:07 +0000] "GET / HTTP/1.1" 301 278 "-" "Spark%20Desktop%20Helper/128518 CFNetwork/3860.400.51 Darwin/25.3.0"
75.50.238.65 - - [02/Apr/2026:17:43:07 +0000] "HEAD /favicon.ico HTTP/1.1" 301 - "-" "Spark%20Desktop%20Helper/128518 CFNetwork/3860.400.51 Darwin/25.3.0"
70.123.229.42 - - [02/Apr/2026:17:48:29 +0000] "GET / HTTP/1.1" 301 274 "-" "Mozilla/5.0 (Macintosh; Intel Mac OS X 10_15_7) AppleWebKit/537.36 (KHTML, like Gecko) Chrome/146.0.0.0 Safari/537.36"
20.63.47.115 - - [02/Apr/2026:18:01:53 +0000] "GET /wp-content/plugins/hellopress/wp_filemanager.php HTTP/1.1" 301 322 "-" "-"
20.63.47.115 - - [02/Apr/2026:18:01:54 +0000] "GET /wp-Blogs.php HTTP/1.1" 301 286 "-" "-"
170.106.35.153 - - [02/Apr/2026:18:11:40 +0000] "GET / HTTP/1.1" 301 278 "-" "Mozilla/5.0 (iPhone; CPU iPhone OS 13_2_3 like Mac OS X) AppleWebKit/605.1.15 (KHTML, like Gecko) Version/13.0.3 Mobile/15E148 Safari/604.1"
100.92.37.209 - - [02/Apr/2026:18:22:36 +0000] "GET /?rnd=1775154155915 HTTP/1.1" 301 296 "-" "Sucuri-UptimeMonitoring"
34.222.89.45 - - [02/Apr/2026:18:22:37 +0000] "GET /?rnd=1775154157239 HTTP/1.1" 301 296 "-" "Sucuri-UptimeMonitoring"
100.88.133.67 - - [02/Apr/2026:18:22:37 +0000] "GET /?rnd=1775154157790 HTTP/1.1" 301 296 "-" "Sucuri-UptimeMonitoring"
100.92.39.166 - - [02/Apr/2026:18:36:56 +0000] "GET /?rnd=1775155016050 HTTP/1.1" 301 296 "-" "Sucuri-UptimeMonitoring"
192.169.178.204 - - [02/Apr/2026:18:57:37 +0000] "GET /.well-known/acme-challenge/O7PL_GY_T9AABV9C-JIRD5BZVVZXRP9P HTTP/1.1" 200 64 "-" "Cpanel-HTTP-Client/1.0"
192.169.178.204 - - [02/Apr/2026:18:57:53 +0000] "GET /.well-known/acme-challenge/M7_7M3RW2--4JGLNPW3O5RRXW9JMVD9U HTTP/1.1" 404 - "-" "Cpanel-HTTP-Client/1.0"
155.117.84.11 - - [02/Apr/2026:19:05:44 +0000] "GET /wp-json/wp/v2/posts HTTP/1.1" 301 293 "-" "Mozilla/5.0 (Windows NT 10.0; Win64; x64) AppleWebKit/537.36 (KHTML, like Gecko) Chrome/120.0.0.0 Safari/537.36"
100.92.37.209 - - [02/Apr/2026:19:27:20 +0000] "GET /?rnd=1775157886035 HTTP/1.1" 301 296 "-" "Sucuri-UptimeMonitoring"
34.223.111.55 - - [02/Apr/2026:19:27:23 +0000] "GET /?rnd=1775157916095 HTTP/1.1" 301 296 "-" "Sucuri-UptimeMonitoring"
100.92.38.23 - - [02/Apr/2026:19:40:19 +0000] "GET /?rnd=1775158746594 HTTP/1.1" 301 296 "-" "Sucuri-UptimeMonitoring"
34.223.23.140 - - [02/Apr/2026:19:40:23 +0000] "GET /?rnd=1775158776656 HTTP/1.1" 301 296 "-" "Sucuri-UptimeMonitoring"
100.88.133.67 - - [02/Apr/2026:19:40:27 +0000] "GET /?rnd=1775158806824 HTTP/1.1" 301 296 "-" "Sucuri-UptimeMonitoring"
199.244.88.231 - - [02/Apr/2026:19:40:29 +0000] "GET / HTTP/1.1" 301 274 "-" "Mozilla/5.0 (X11; Linux x86_64) AppleWebKit/537.36 (KHTML, like Gecko) Chrome/105.0.0.0 Safari/537.36"
74.7.244.61 - - [02/Apr/2026:20:23:21 +0000] "GET /robots.txt HTTP/1.1" 301 284 "-" "Mozilla/5.0 (Macintosh; Intel Mac OS X 10_15_7) AppleWebKit/537.36 (KHTML, like Gecko) Chrome/131.0.0.0 Safari/537.36; compatible; OAI-SearchBot/1.3; robots.txt; +https://openai.com/searchbot"
100.92.38.124 - - [02/Apr/2026:20:27:00 +0000] "GET /?rnd=1775161620217 HTTP/1.1" 301 296 "-" "Sucuri-UptimeMonitoring"
100.92.38.124 - - [02/Apr/2026:20:41:22 +0000] "GET /?rnd=1775162482610 HTTP/1.1" 301 296 "-" "Sucuri-UptimeMonitoring"
116.76.38.134 - - [02/Apr/2026:20:58:09 +0000] "GET /robots.txt HTTP/1.1" 301 284 "-" "Mozilla/5.0 (Windows NT 10.0; WOW64) AppleWebKit/537.36 (KHTML, like Gecko) Chrome/66.0.4044.157 UBrowser/6.2.3964.2 Safari/537.36"
85.137.48.167 - - [02/Apr/2026:21:17:24 +0000] "GET /txets.php HTTP/1.1" 301 283 "-" "Mozilla/4.0 (compatible; MSIE 6.0; Windows NT 5.1; SV1)"
100.92.38.23 - - [02/Apr/2026:21:31:23 +0000] "GET /?rnd=1775165349060 HTTP/1.1" 301 296 "-" "Sucuri-UptimeMonitoring"
34.222.210.169 - - [02/Apr/2026:21:31:27 +0000] "GET /?rnd=1775165379107 HTTP/1.1" 301 296 "-" "Sucuri-UptimeMonitoring"
100.88.133.67 - - [02/Apr/2026:21:31:32 +0000] "GET /?rnd=1775165409279 HTTP/1.1" 301 296 "-" "Sucuri-UptimeMonitoring"
100.92.38.124 - - [02/Apr/2026:21:49:03 +0000] "GET /?rnd=1775166211568 HTTP/1.1" 301 296 "-" "Sucuri-UptimeMonitoring"
34.221.206.24 - - [02/Apr/2026:21:49:07 +0000] "GET /?rnd=1775166241642 HTTP/1.1" 301 296 "-" "Sucuri-UptimeMonitoring"
100.88.133.67 - - [02/Apr/2026:21:49:10 +0000] "GET /?rnd=1775166271807 HTTP/1.1" 301 296 "-" "Sucuri-UptimeMonitoring"
192.169.178.204 - - [02/Apr/2026:21:55:12 +0000] "GET /.well-known/acme-challenge/2RLT1RJU4LS5A6SG4_JER766GQUGKUGY HTTP/1.1" 200 64 "-" "Cpanel-HTTP-Client/1.0"
192.169.178.204 - - [02/Apr/2026:21:55:12 +0000] "GET /.well-known/acme-challenge/T890Z0TEW64_F8KNVHEI8A1NCKA0UUCV HTTP/1.1" 200 64 "-" "Cpanel-HTTP-Client/1.0"
117.33.163.216 - - [02/Apr/2026:22:09:17 +0000] "GET / HTTP/1.1" 301 278 "-" "Mozilla/5.0 (iPhone; CPU iPhone OS 13_2_3 like Mac OS X) AppleWebKit/605.1.15 (KHTML, like Gecko) Version/13.0.3 Mobile/15E148 Safari/604.1"
100.92.39.151 - - [02/Apr/2026:22:11:11 +0000] "HEAD / HTTP/1.1" 301 - "-" "Go-http-client/1.1"
100.92.39.151 - - [02/Apr/2026:22:11:11 +0000] "GET /404testpage4525d2fdc HTTP/1.1" 301 298 "https://sucuri.net" "Mozilla/5.0 (Windows NT 6.3; WOW64; Trident/7.0; rv:11.0) like Gecko"
100.92.39.151 - - [02/Apr/2026:22:11:11 +0000] "TRACE / HTTP/1.1" 301 278 "-" "Mozilla/5.0 (Windows NT 6.1) AppleWebKit/537.36 (KHTML, like Gecko) Chrome/67.0.3396.99 Safari/537.36"
100.92.39.151 - - [02/Apr/2026:22:11:11 +0000] "GET / HTTP/1.1" 301 278 "https://sucuri.net" "Mozilla/5.0 (Windows NT 6.3; WOW64; Trident/7.0; rv:11.0) like Gecko"
100.92.39.151 - - [02/Apr/2026:22:11:11 +0000] "GET /404javascript.js HTTP/1.1" 301 294 "https://www.google.com/url/?sa=t" "Mozilla/5.0 (Windows NT 6.3; WOW64; Trident/7.0; rv:11.0) like Gecko"
100.92.39.151 - - [02/Apr/2026:22:11:11 +0000] "GET /.git/HEAD HTTP/1.1" 301 287 "https://sucuri.net" "Mozilla/5.0 (Windows NT 6.3; WOW64; Trident/7.0; rv:11.0) like Gecko"
100.92.38.124 - - [02/Apr/2026:22:31:19 +0000] "GET /?rnd=1775169079556 HTTP/1.1" 301 296 "-" "Sucuri-UptimeMonitoring"
100.92.36.243 - - [02/Apr/2026:22:45:40 +0000] "GET /?rnd=1775169939930 HTTP/1.1" 301 296 "-" "Sucuri-UptimeMonitoring"
43.173.173.153 - - [02/Apr/2026:22:50:51 +0000] "GET / HTTP/1.1" 301 274 "-" "Mozilla/5.0 (Windows NT 10.0; Win64; x64) AppleWebKit/537.36 (KHTML, like Gecko) Chrome/131.0.0.0 Safari/537.36"
43.173.182.158 - - [02/Apr/2026:22:51:04 +0000] "GET / HTTP/1.1" 301 274 "-" "Mozilla/5.0 (Windows NT 10.0; Win64; x64) AppleWebKit/537.36 (KHTML, like Gecko) Chrome/106.0.5249.119 Safari/537.36"
204.186.55.228 - - [02/Apr/2026:22:51:09 +0000] "GET / HTTP/1.1" 301 274 "-" "Mozilla/5.0 (Windows NT 10.0; Win64; x64) AppleWebKit/537.36 (KHTML, like Gecko) Chrome/146.0.0.0 Safari/537.36"
100.92.36.243 - - [02/Apr/2026:23:33:33 +0000] "GET /?rnd=1775172813622 HTTP/1.1" 301 296 "-" "Sucuri-UptimeMonitoring"
100.92.36.243 - - [02/Apr/2026:23:47:53 +0000] "GET /?rnd=1775173672887 HTTP/1.1" 301 296 "-" "Sucuri-UptimeMonitoring"
100.92.39.151 - - [03/Apr/2026:00:13:30 +0000] "HEAD / HTTP/1.1" 301 - "-" "Go-http-client/1.1"
100.92.39.151 - - [03/Apr/2026:00:13:30 +0000] "TRACE / HTTP/1.1" 301 278 "-" "Mozilla/5.0 (Windows NT 6.1) AppleWebKit/537.36 (KHTML, like Gecko) Chrome/67.0.3396.99 Safari/537.36"
100.92.39.151 - - [03/Apr/2026:00:13:30 +0000] "GET /404testpage4525d2fdc HTTP/1.1" 301 298 "https://sucuri.net" "Mozilla/5.0 (Windows NT 6.3; WOW64; Trident/7.0; rv:11.0) like Gecko"
100.92.39.151 - - [03/Apr/2026:00:13:30 +0000] "GET /404javascript.js HTTP/1.1" 301 294 "https://www.google.com/url/?sa=t" "Mozilla/5.0 (Windows NT 6.3; WOW64; Trident/7.0; rv:11.0) like Gecko"
100.92.39.151 - - [03/Apr/2026:00:13:30 +0000] "GET /.git/HEAD HTTP/1.1" 301 287 "https://sucuri.net" "Mozilla/5.0 (Windows NT 6.3; WOW64; Trident/7.0; rv:11.0) like Gecko"
100.92.39.151 - - [03/Apr/2026:00:13:30 +0000] "GET / HTTP/1.1" 301 278 "https://sucuri.net" "Mozilla/5.0 (Windows NT 6.3; WOW64; Trident/7.0; rv:11.0) like Gecko"
100.92.37.209 - - [03/Apr/2026:00:35:47 +0000] "GET /?rnd=1775176547028 HTTP/1.1" 301 296 "-" "Sucuri-UptimeMonitoring"
100.92.38.23 - - [03/Apr/2026:00:50:06 +0000] "GET /?rnd=1775177406466 HTTP/1.1" 301 296 "-" "Sucuri-UptimeMonitoring"
192.169.178.204 - - [03/Apr/2026:00:55:06 +0000] "GET /.well-known/acme-challenge/NL3D6KOHRIBQ6JGPEOKSKCKO_4C4VO2M HTTP/1.1" 200 64 "-" "Cpanel-HTTP-Client/1.0"
192.169.178.204 - - [03/Apr/2026:00:55:06 +0000] "GET /.well-known/acme-challenge/-XA_26S15EG7VUB2J2DKU9JK_-CK5C1A HTTP/1.1" 200 64 "-" "Cpanel-HTTP-Client/1.0"
74.7.228.3 - - [03/Apr/2026:01:02:44 +0000] "GET /robots.txt HTTP/1.1" 301 288 "-" "Mozilla/5.0 (Macintosh; Intel Mac OS X 10_15_7) AppleWebKit/537.36 (KHTML, like Gecko) Chrome/131.0.0.0 Safari/537.36; compatible; OAI-SearchBot/1.3; robots.txt; +https://openai.com/searchbot"
74.7.243.242 - - [03/Apr/2026:01:02:46 +0000] "GET / HTTP/1.1" 301 278 "https://www.buildsoccer.org" "Mozilla/5.0 AppleWebKit/537.36 (KHTML, like Gecko; compatible; GPTBot/1.3; +https://openai.com/gptbot)"
43.157.38.131 - - [03/Apr/2026:01:20:43 +0000] "GET / HTTP/1.1" 301 278 "-" "Mozilla/5.0 (iPhone; CPU iPhone OS 13_2_3 like Mac OS X) AppleWebKit/605.1.15 (KHTML, like Gecko) Version/13.0.3 Mobile/15E148 Safari/604.1"
100.92.36.243 - - [03/Apr/2026:01:37:56 +0000] "GET /?rnd=1775180276280 HTTP/1.1" 301 296 "-" "Sucuri-UptimeMonitoring"
100.92.36.243 - - [03/Apr/2026:01:52:18 +0000] "GET /?rnd=1775181138026 HTTP/1.1" 301 296 "-" "Sucuri-UptimeMonitoring"
35.164.164.249 - - [03/Apr/2026:01:52:48 +0000] "GET /?rnd=1775181168084 HTTP/1.1" 301 296 "-" "Sucuri-UptimeMonitoring"
100.88.134.162 - - [03/Apr/2026:01:53:18 +0000] "GET /?rnd=1775181198266 HTTP/1.1" 301 296 "-" "Sucuri-UptimeMonitoring"
192.36.109.129 - - [03/Apr/2026:02:12:00 +0000] "GET /robots.txt HTTP/1.1" 301 284 "-" "Mozilla/5.0 (iPhone; CPU iPhone OS 17_1_2 like Mac OS X) AppleWebKit/605.1.15 (KHTML, like Gecko) Version/17.1.2 Mobile/15E148 Safari/604"
192.36.109.118 - - [03/Apr/2026:02:12:04 +0000] "GET / HTTP/1.1" 301 274 "-" "Mozilla/5.0 (iPhone; CPU iPhone OS 17_1_2 like Mac OS X) AppleWebKit/605.1.15 (KHTML, like Gecko) Version/17.1.2 Mobile/15E148 Safari/604"
44.213.190.124 - - [03/Apr/2026:02:27:47 +0000] "GET /robots.txt HTTP/1.1" 301 284 "-" "Mozilla/5.0 (Macintosh; Intel Mac OS X 10_10_1) AppleWebKit/600.2.5 (KHTML, like Gecko) Version/8.0.2 Safari/600.2.5 (Gort)"
100.92.39.166 - - [03/Apr/2026:02:40:06 +0000] "GET /?rnd=1775184006498 HTTP/1.1" 301 296 "-" "Sucuri-UptimeMonitoring"
100.92.36.243 - - [03/Apr/2026:02:54:28 +0000] "GET /?rnd=1775184868080 HTTP/1.1" 301 296 "-" "Sucuri-UptimeMonitoring"
216.244.66.197 - - [03/Apr/2026:02:55:04 +0000] "GET /robots.txt HTTP/1.1" 301 284 "-" "Mozilla/5.0 (compatible; DotBot/1.2; +https://opensiteexplorer.org/dotbot; help@moz.com)"
100.92.38.124 - - [03/Apr/2026:03:42:17 +0000] "GET /?rnd=1775187737721 HTTP/1.1" 301 296 "-" "Sucuri-UptimeMonitoring"
192.169.178.204 - - [03/Apr/2026:03:55:36 +0000] "GET /.well-known/acme-challenge/17CU8MDNXHEAQ0H7IL0JANLCP0S21DNC HTTP/1.1" 200 64 "-" "Cpanel-HTTP-Client/1.0"
192.169.178.204 - - [03/Apr/2026:03:55:36 +0000] "GET /.well-known/acme-challenge/R6C1CAKPO-Z8KN0QB-LBFA00TPC8QVMQ HTTP/1.1" 200 64 "-" "Cpanel-HTTP-Client/1.0"
100.92.38.23 - - [03/Apr/2026:03:56:36 +0000] "GET /?rnd=1775188596280 HTTP/1.1" 301 296 "-" "Sucuri-UptimeMonitoring"
43.173.173.252 - - [03/Apr/2026:04:16:04 +0000] "GET / HTTP/1.1" 301 274 "-" "Mozilla/5.0 (Windows NT 10.0; Win64; x64) AppleWebKit/537.36 (KHTML, like Gecko) Chrome/118.0.0.0 Safari/537.36"
43.173.181.10 - - [03/Apr/2026:04:16:15 +0000] "GET / HTTP/1.1" 301 274 "-" "Mozilla/5.0 (Windows NT 10.0; Win64; x64) AppleWebKit/537.36 (KHTML, like Gecko) Chrome/133.0.0.0 Safari/537.36"
43.173.177.108 - - [03/Apr/2026:04:16:33 +0000] "GET / HTTP/1.1" 301 274 "-" "Mozilla/5.0 (Windows NT 10.0; Win64; x64) AppleWebKit/537.36 (KHTML, like Gecko) Chrome/133.0.0.0 Safari/537.36"
40.88.21.235 - - [03/Apr/2026:04:21:46 +0000] "GET / HTTP/1.1" 301 274 "-" "DuckDuckBot/1.1; (+http://duckduckgo.com/duckduckbot.html)"
117.33.163.216 - - [03/Apr/2026:04:23:56 +0000] "GET / HTTP/1.1" 301 274 "-" "Mozilla/5.0 (iPhone; CPU iPhone OS 13_2_3 like Mac OS X) AppleWebKit/605.1.15 (KHTML, like Gecko) Version/13.0.3 Mobile/15E148 Safari/604.1"
84.17.45.176 - - [03/Apr/2026:04:27:43 +0000] "GET /wp-login.php HTTP/1.1" 301 286 "-" "Mozilla/5.0 (Windows NT 10.0; Win64; x64) AppleWebKit/537.36 (KHTML, like Gecko) Edge/120.0.0.0"
100.92.36.190 - - [03/Apr/2026:04:44:28 +0000] "GET /?rnd=1775191468636 HTTP/1.1" 301 296 "-" "Sucuri-UptimeMonitoring"
170.106.197.109 - - [03/Apr/2026:04:48:30 +0000] "GET / HTTP/1.1" 301 274 "-" "Mozilla/5.0 (iPhone; CPU iPhone OS 13_2_3 like Mac OS X) AppleWebKit/605.1.15 (KHTML, like Gecko) Version/13.0.3 Mobile/15E148 Safari/604.1"
100.92.39.166 - - [03/Apr/2026:04:58:46 +0000] "GET /?rnd=1775192325915 HTTP/1.1" 301 296 "-" "Sucuri-UptimeMonitoring"
114.119.130.183 - - [03/Apr/2026:05:05:24 +0000] "GET /robots.txt HTTP/1.1" 301 284 "-" "Mozilla/5.0 (compatible;PetalBot;+https://webmaster.petalsearch.com/site/petalbot)"
66.249.73.204 - - [03/Apr/2026:05:22:13 +0000] "GET / HTTP/1.1" 301 274 "-" "Mozilla/5.0 (Linux; Android 6.0.1; Nexus 5X Build/MMB29P) AppleWebKit/537.36 (KHTML, like Gecko) Chrome/146.0.7680.177 Mobile Safari/537.36 (compatible; Googlebot/2.1; +http://www.google.com/bot.html)"
121.61.135.188 - - [03/Apr/2026:05:29:12 +0000] "GET / HTTP/1.1" 301 274 "-" "Mozilla/5.0 (Macintosh; Intel Mac OS X 10_15_7) AppleWebKit/537.36 (KHTML, like Gecko) Chrome/138.0.0.0 Safari/537.36"
182.110.10.90 - - [03/Apr/2026:05:29:27 +0000] "GET / HTTP/1.1" 301 274 "-" "Mozilla/5.0 (Macintosh; Intel Mac OS X 10_15_7) AppleWebKit/537.36 (KHTML, like Gecko) Chrome/138.0.0.0 Safari/537.36"
112.239.136.162 - - [03/Apr/2026:05:29:59 +0000] "GET / HTTP/1.1" 301 274 "-" "Mozilla/5.0 (Macintosh; Intel Mac OS X 10_15_7) AppleWebKit/537.36 (KHTML, like Gecko) Chrome/138.0.0.0 Safari/537.36"
34.79.174.58 - - [03/Apr/2026:05:32:12 +0000] "GET / HTTP/1.1" 301 278 "-" "Mozilla/5.0 (Windows NT 10.0; Win64; x64) AppleWebKit/537.36 (KHTML, like Gecko) Chrome/84.0.4147.105 Safari/537.36"
34.79.174.58 - - [03/Apr/2026:05:32:29 +0000] "GET / HTTP/1.1" 301 278 "-" "Mozilla/5.0 (Windows NT 10.0; Win64; x64) AppleWebKit/537.36 (KHTML, like Gecko) Chrome/84.0.4147.105 Safari/537.36"
77.90.185.48 - - [03/Apr/2026:05:33:10 +0000] "GET /api/.env HTTP/1.1" 301 282 "-" "Mozilla/5.0"
77.90.185.48 - - [03/Apr/2026:05:33:10 +0000] "GET /env/.env HTTP/1.1" 301 282 "-" "Mozilla/5.0"
34.79.174.58 - - [03/Apr/2026:05:33:35 +0000] "GET / HTTP/1.1" 301 278 "-" "Mozilla/5.0 (Windows NT 10.0; Win64; x64) AppleWebKit/537.36 (KHTML, like Gecko) Chrome/84.0.4147.105 Safari/537.36"
100.92.36.243 - - [03/Apr/2026:05:46:36 +0000] "GET /?rnd=1775195196516 HTTP/1.1" 301 296 "-" "Sucuri-UptimeMonitoring"
100.92.36.190 - - [03/Apr/2026:06:00:58 +0000] "GET /?rnd=1775196058395 HTTP/1.1" 301 296 "-" "Sucuri-UptimeMonitoring"
85.11.167.108 - - [03/Apr/2026:06:01:06 +0000] "GET / HTTP/1.1" 301 278 "-" "Mozilla/5.0 (Windows NT 10.0; Win64; x64) AppleWebKit/537.36 (KHTML, like Gecko) Chrome/120.0.0.0 Safari/537.36"
40.88.21.235 - - [03/Apr/2026:06:05:49 +0000] "GET / HTTP/1.1" 301 274 "-" "DuckDuckBot/1.1; (+http://duckduckgo.com/duckduckbot.html)"
43.167.237.94 - - [03/Apr/2026:06:29:40 +0000] "GET /wp-json/wp/v2/posts HTTP/1.1" 301 293 "-" "Mozilla/5.0 (Windows NT 10.0; Win64; x64) AppleWebKit/537.36 (KHTML, like Gecko) Chrome/120.0.0.0 Safari/537.36"
83.99.206.229 - - [03/Apr/2026:06:30:50 +0000] "GET / HTTP/1.1" 301 274 "-" "Mozilla/5.0 (X11; Linux x86_64) AppleWebKit/537.36 (KHTML, like Gecko; GeedoShopProductFinder) Chrome/142.0.0.0 Safari/537.36"
121.24.220.191 - - [03/Apr/2026:06:44:06 +0000] "GET / HTTP/1.1" 301 274 "-" "Mozilla/5.0 (Macintosh; Intel Mac OS X 10_15_7) AppleWebKit/537.36 (KHTML, like Gecko) Chrome/138.0.0.0 Safari/537.36"
100.92.36.190 - - [03/Apr/2026:06:48:46 +0000] "GET /?rnd=1775198926058 HTTP/1.1" 301 296 "-" "Sucuri-UptimeMonitoring"
192.169.178.204 - - [03/Apr/2026:06:55:03 +0000] "GET /.well-known/acme-challenge/93KDEYF5E3BZU8FO1GNKGZJ_VXRR5RP1 HTTP/1.1" 200 64 "-" "Cpanel-HTTP-Client/1.0"
192.169.178.204 - - [03/Apr/2026:06:55:03 +0000] "GET /.well-known/acme-challenge/18DP-HY0WZLGOFKV_FK3Q4HSX3SWG2-O HTTP/1.1" 200 64 "-" "Cpanel-HTTP-Client/1.0"
100.92.39.166 - - [03/Apr/2026:07:03:11 +0000] "GET /?rnd=1775199791382 HTTP/1.1" 301 296 "-" "Sucuri-UptimeMonitoring"
116.147.103.119 - - [03/Apr/2026:07:20:58 +0000] "GET / HTTP/1.1" 301 274 "-" "Mozilla/5.0 (Macintosh; Intel Mac OS X 10_15_7) AppleWebKit/537.36 (KHTML, like Gecko) Chrome/138.0.0.0 Safari/537.36"
223.74.172.72 - - [03/Apr/2026:07:22:08 +0000] "GET / HTTP/1.1" 301 274 "-" "Mozilla/5.0 (Macintosh; Intel Mac OS X 10_15_7) AppleWebKit/537.36 (KHTML, like Gecko) Chrome/138.0.0.0 Safari/537.36"
103.88.91.103 - - [03/Apr/2026:07:22:25 +0000] "GET /wp-json/wp/v2/posts HTTP/1.1" 301 293 "-" "Mozilla/5.0 (Windows NT 10.0; Win64; x64) AppleWebKit/537.36 (KHTML, like Gecko) Chrome/120.0.0.0 Safari/537.36"
49.51.47.100 - - [03/Apr/2026:07:29:47 +0000] "GET / HTTP/1.1" 301 278 "-" "Mozilla/5.0 (iPhone; CPU iPhone OS 13_2_3 like Mac OS X) AppleWebKit/605.1.15 (KHTML, like Gecko) Version/13.0.3 Mobile/15E148 Safari/604.1"
114.119.130.251 - - [03/Apr/2026:07:30:28 +0000] "GET /robots.txt HTTP/1.1" 301 288 "-" "Mozilla/5.0 (compatible;PetalBot;+https://webmaster.petalsearch.com/site/petalbot)"
185.209.196.193 - - [03/Apr/2026:07:41:02 +0000] "GET / HTTP/1.1" 301 274 "-" "Mozilla/5.0 (X11; Linux i686) AppleWebKit/537.36 (KHTML, like Gecko) Chrome/142.0.0.0 Safari/537.36"
100.92.37.209 - - [03/Apr/2026:07:50:57 +0000] "GET /?rnd=1775202657837 HTTP/1.1" 301 296 "-" "Sucuri-UptimeMonitoring"
100.92.36.190 - - [03/Apr/2026:08:05:22 +0000] "GET /?rnd=1775203521947 HTTP/1.1" 301 296 "-" "Sucuri-UptimeMonitoring"
77.90.185.5 - - [03/Apr/2026:08:12:31 +0000] "GET / HTTP/1.0" 301 274 "http://austinssckids.com/" "Mozilla/5.0 (Windows NT 10.0; Win64; x64) AppleWebKit/537.36 (KHTML, like Gecko) Chrome/131.0.0.0 Safari/537.36 Avast/131.0.0.0"
98.84.64.180 - - [03/Apr/2026:08:23:52 +0000] "GET /robots.txt HTTP/1.1" 301 288 "-" "Mozilla/5.0 (Macintosh; Intel Mac OS X 10_10_1) AppleWebKit/600.2.5 (KHTML, like Gecko) Version/8.0.2 Safari/600.2.5 (Gort)"
20.48.232.178 - - [03/Apr/2026:08:50:53 +0000] "GET /wp-content/plugins/hellopress/wp_filemanager.php HTTP/1.1" 301 322 "-" "-"
20.48.232.178 - - [03/Apr/2026:08:50:57 +0000] "GET /wp-good.php HTTP/1.1" 301 285 "-" "-"
20.48.232.178 - - [03/Apr/2026:08:51:00 +0000] "GET /file.php HTTP/1.1" 301 282 "-" "-"
20.48.232.178 - - [03/Apr/2026:08:51:02 +0000] "GET /alfa.php HTTP/1.1" 301 282 "-" "-"
20.48.232.178 - - [03/Apr/2026:08:51:04 +0000] "GET /bless.php HTTP/1.1" 301 283 "-" "-"
20.48.232.178 - - [03/Apr/2026:08:51:06 +0000] "GET /admin.php. HTTP/1.1" 301 284 "-" "-"
20.48.232.178 - - [03/Apr/2026:08:51:09 +0000] "GET /flower.php HTTP/1.1" 301 284 "-" "-"
20.48.232.178 - - [03/Apr/2026:08:51:10 +0000] "GET /ioxi-o.php HTTP/1.1" 301 284 "-" "-"
20.48.232.178 - - [03/Apr/2026:08:51:12 +0000] "GET /lock360.php HTTP/1.1" 301 285 "-" "-"
20.48.232.178 - - [03/Apr/2026:08:51:13 +0000] "GET /adminfuns.php HTTP/1.1" 301 287 "-" "-"
20.48.232.178 - - [03/Apr/2026:08:51:15 +0000] "GET /wp-content/admin.php HTTP/1.1" 301 294 "-" "-"
20.48.232.178 - - [03/Apr/2026:08:51:18 +0000] "GET /aa.php HTTP/1.1" 301 280 "-" "-"
20.48.232.178 - - [03/Apr/2026:08:51:20 +0000] "GET /xmrlpc.php HTTP/1.1" 301 284 "-" "-"
20.48.232.178 - - [03/Apr/2026:08:51:23 +0000] "GET /class.php HTTP/1.1" 301 283 "-" "-"
20.48.232.178 - - [03/Apr/2026:08:51:25 +0000] "GET /goods.php HTTP/1.1" 301 283 "-" "-"
20.48.232.178 - - [03/Apr/2026:08:51:26 +0000] "GET /info.php HTTP/1.1" 301 282 "-" "-"
20.48.232.178 - - [03/Apr/2026:08:51:28 +0000] "GET /as.php HTTP/1.1" 301 280 "-" "-"
20.48.232.178 - - [03/Apr/2026:08:51:29 +0000] "GET /aw.php HTTP/1.1" 301 280 "-" "-"
20.48.232.178 - - [03/Apr/2026:08:51:31 +0000] "GET /bb.php HTTP/1.1" 301 280 "-" "-"
20.48.232.178 - - [03/Apr/2026:08:51:32 +0000] "GET /about.php HTTP/1.1" 301 283 "-" "-"
20.48.232.178 - - [03/Apr/2026:08:51:34 +0000] "GET /222.php HTTP/1.1" 301 281 "-" "-"
20.48.232.178 - - [03/Apr/2026:08:51:35 +0000] "GET /test1.php HTTP/1.1" 301 283 "-" "-"
20.48.232.178 - - [03/Apr/2026:08:51:37 +0000] "GET /classwithtostring.php HTTP/1.1" 301 295 "-" "-"
20.48.232.178 - - [03/Apr/2026:08:51:39 +0000] "GET /css/autoload_classmap.php HTTP/1.1" 301 299 "-" "-"
20.48.232.178 - - [03/Apr/2026:08:51:41 +0000] "GET /fx.php HTTP/1.1" 301 280 "-" "-"
20.48.232.178 - - [03/Apr/2026:08:51:42 +0000] "GET /admin/controller/extension/extension/ultra.php HTTP/1.1" 301 320 "-" "-"
20.48.232.178 - - [03/Apr/2026:08:51:44 +0000] "GET /gelay.php HTTP/1.1" 301 283 "-" "-"
20.48.232.178 - - [03/Apr/2026:08:51:45 +0000] "GET /god4m.php HTTP/1.1" 301 283 "-" "-"
20.48.232.178 - - [03/Apr/2026:08:51:47 +0000] "GET /mari.php HTTP/1.1" 301 282 "-" "-"
20.48.232.178 - - [03/Apr/2026:08:51:49 +0000] "GET /moon.php HTTP/1.1" 301 282 "-" "-"
20.48.232.178 - - [03/Apr/2026:08:51:50 +0000] "GET /o.php HTTP/1.1" 301 279 "-" "-"
20.48.232.178 - - [03/Apr/2026:08:51:51 +0000] "GET /tmp.php HTTP/1.1" 301 281 "-" "-"
20.48.232.178 - - [03/Apr/2026:08:51:53 +0000] "GET /wp-admin/js/ HTTP/1.1" 301 286 "-" "-"
20.48.232.178 - - [03/Apr/2026:08:51:53 +0000] "GET /wp-admin/a.php HTTP/1.1" 301 288 "-" "-"
20.48.232.178 - - [03/Apr/2026:08:51:56 +0000] "GET /wp-admin/alfa.php HTTP/1.1" 301 291 "-" "-"
20.48.232.178 - - [03/Apr/2026:08:51:59 +0000] "GET /wp-admin/css/colors HTTP/1.1" 301 293 "-" "-"
20.48.232.178 - - [03/Apr/2026:08:51:59 +0000] "GET /wp-admin/js/widgets/ HTTP/1.1" 301 294 "-" "-"
20.48.232.178 - - [03/Apr/2026:08:52:00 +0000] "GET /wp-admin/network/index.php HTTP/1.1" 301 300 "-" "-"
20.48.232.178 - - [03/Apr/2026:08:52:02 +0000] "GET /wp-content/plugins/core-plugin/include.php HTTP/1.1" 301 316 "-" "-"
20.48.232.178 - - [03/Apr/2026:08:52:04 +0000] "GET /wp-includes/IXR/test1.php HTTP/1.1" 301 299 "-" "-"
20.48.232.178 - - [03/Apr/2026:08:52:05 +0000] "GET /wp-includes/js/crop/cropper.php HTTP/1.1" 301 305 "-" "-"
20.48.232.178 - - [03/Apr/2026:08:52:07 +0000] "GET /wp-content/themes/ HTTP/1.1" 301 292 "-" "-"
20.48.232.178 - - [03/Apr/2026:08:52:07 +0000] "GET /wp-includes/ID3/ HTTP/1.1" 301 290 "-" "-"
20.48.232.178 - - [03/Apr/2026:08:52:09 +0000] "GET /wk/index.php HTTP/1.1" 301 286 "-" "-"
20.48.232.178 - - [03/Apr/2026:08:52:12 +0000] "GET /inputs.php HTTP/1.1" 301 284 "-" "-"
20.48.232.178 - - [03/Apr/2026:08:52:14 +0000] "GET /function/function.php HTTP/1.1" 301 295 "-" "-"
20.48.232.178 - - [03/Apr/2026:08:52:16 +0000] "GET /rip.php HTTP/1.1" 301 281 "-" "-"
20.48.232.178 - - [03/Apr/2026:08:52:17 +0000] "GET /wp-content/uploads/index.php HTTP/1.1" 301 302 "-" "-"
20.48.232.178 - - [03/Apr/2026:08:52:21 +0000] "GET /cache.php HTTP/1.1" 301 283 "-" "-"
20.48.232.178 - - [03/Apr/2026:08:52:24 +0000] "GET /themes.php HTTP/1.1" 301 284 "-" "-"
20.48.232.178 - - [03/Apr/2026:08:52:25 +0000] "GET /wpx.php HTTP/1.1" 301 281 "-" "-"
20.48.232.178 - - [03/Apr/2026:08:52:27 +0000] "GET /403.php HTTP/1.1" 301 281 "-" "-"
20.48.232.178 - - [03/Apr/2026:08:52:29 +0000] "GET /an.php HTTP/1.1" 301 280 "-" "-"
20.48.232.178 - - [03/Apr/2026:08:52:30 +0000] "GET /index/function.php HTTP/1.1" 301 292 "-" "-"
20.48.232.178 - - [03/Apr/2026:08:52:32 +0000] "GET /randkeyword.PhP7 HTTP/1.1" 301 290 "-" "-"
20.48.232.178 - - [03/Apr/2026:08:52:34 +0000] "GET /ws.php HTTP/1.1" 301 280 "-" "-"
20.48.232.178 - - [03/Apr/2026:08:52:35 +0000] "GET /404.php HTTP/1.1" 301 281 "-" "-"
20.48.232.178 - - [03/Apr/2026:08:52:37 +0000] "GET /wp-admin/user/index.php HTTP/1.1" 301 297 "-" "-"
20.48.232.178 - - [03/Apr/2026:08:52:40 +0000] "GET /wp-conf.php HTTP/1.1" 301 285 "-" "-"
20.48.232.178 - - [03/Apr/2026:08:52:44 +0000] "GET /wp-content/themes/hideo/network.php HTTP/1.1" 301 309 "-" "-"
20.48.232.178 - - [03/Apr/2026:08:52:49 +0000] "GET /wp-login.php HTTP/1.1" 301 286 "-" "-"
20.48.232.178 - - [03/Apr/2026:08:52:51 +0000] "GET /abc.php HTTP/1.1" 301 281 "-" "-"
20.48.232.178 - - [03/Apr/2026:08:52:55 +0000] "GET /abcd.php HTTP/1.1" 301 282 "-" "-"
20.48.232.178 - - [03/Apr/2026:08:52:58 +0000] "GET /wp-trackback.php HTTP/1.1" 301 290 "-" "-"
20.48.232.178 - - [03/Apr/2026:08:52:59 +0000] "GET /xmlrpc.php HTTP/1.1" 301 284 "-" "-"
20.48.232.178 - - [03/Apr/2026:08:53:00 +0000] "GET /class-t.api.php HTTP/1.1" 301 289 "-" "-"
20.48.232.178 - - [03/Apr/2026:08:53:02 +0000] "GET /sf.php HTTP/1.1" 301 280 "-" "-"
20.48.232.178 - - [03/Apr/2026:08:53:04 +0000] "GET /kbfr.php HTTP/1.1" 301 282 "-" "-"
20.48.232.178 - - [03/Apr/2026:08:53:06 +0000] "GET /autoload_classmap.php HTTP/1.1" 301 295 "-" "-"
20.48.232.178 - - [03/Apr/2026:08:53:09 +0000] "GET /chosen.php?p= HTTP/1.1" 301 287 "-" "-"
20.48.232.178 - - [03/Apr/2026:08:53:12 +0000] "GET /defaults.php HTTP/1.1" 301 286 "-" "-"
100.92.39.166 - - [03/Apr/2026:08:53:13 +0000] "GET /?rnd=1775206393143 HTTP/1.1" 301 296 "-" "Sucuri-UptimeMonitoring"
20.48.232.178 - - [03/Apr/2026:08:53:14 +0000] "GET /wp-includes/ HTTP/1.1" 301 286 "-" "-"
20.48.232.178 - - [03/Apr/2026:08:53:17 +0000] "GET /13.php HTTP/1.1" 301 280 "-" "-"
20.48.232.178 - - [03/Apr/2026:08:53:21 +0000] "GET /.well-known/ HTTP/1.1" 301 286 "-" "-"
20.48.232.178 - - [03/Apr/2026:08:53:22 +0000] "GET /cgi-bin/ HTTP/1.1" 301 282 "-" "-"
20.48.232.178 - - [03/Apr/2026:08:53:22 +0000] "GET /uploads/ HTTP/1.1" 301 282 "-" "-"
20.48.232.178 - - [03/Apr/2026:08:53:25 +0000] "GET /wp-admin/images/ HTTP/1.1" 301 290 "-" "-"
20.48.232.178 - - [03/Apr/2026:08:53:26 +0000] "GET /wp-includes/Requests/src/Response/about.php HTTP/1.1" 301 317 "-" "-"
20.48.232.178 - - [03/Apr/2026:08:53:28 +0000] "GET /wp-includes/html-api/ HTTP/1.1" 301 295 "-" "-"
20.48.232.178 - - [03/Apr/2026:08:53:33 +0000] "GET /wp-admin/css/colors/ectoplasm/ HTTP/1.1" 301 304 "-" "-"
20.48.232.178 - - [03/Apr/2026:08:53:33 +0000] "GET /wp-content/uploads/ HTTP/1.1" 301 293 "-" "-"
20.48.232.178 - - [03/Apr/2026:08:53:37 +0000] "GET /wp-content/themes/admin.php HTTP/1.1" 301 301 "-" "-"
20.48.232.178 - - [03/Apr/2026:08:53:39 +0000] "GET /wp-content/themes/index.php HTTP/1.1" 301 301 "-" "-"
20.48.232.178 - - [03/Apr/2026:08:53:39 +0000] "GET /wp-content/plugins/index.php HTTP/1.1" 301 302 "-" "-"
20.48.232.178 - - [03/Apr/2026:08:53:39 +0000] "GET /wp-includes/PHPMailer/ HTTP/1.1" 301 296 "-" "-"
20.48.232.178 - - [03/Apr/2026:08:53:42 +0000] "GET /wp-includes/images/ HTTP/1.1" 301 293 "-" "-"
20.48.232.178 - - [03/Apr/2026:08:53:44 +0000] "GET /wp-content/plugins/WordPressCore/ HTTP/1.1" 301 307 "-" "-"
20.48.232.178 - - [03/Apr/2026:08:53:46 +0000] "GET /gecko-new.php HTTP/1.1" 301 287 "-" "-"
20.48.232.178 - - [03/Apr/2026:08:53:48 +0000] "GET /new.php HTTP/1.1" 301 281 "-" "-"
20.48.232.178 - - [03/Apr/2026:08:53:56 +0000] "GET /k.php HTTP/1.1" 301 279 "-" "-"
20.48.232.178 - - [03/Apr/2026:08:54:06 +0000] "GET /ok.php HTTP/1.1" 301 280 "-" "-"
20.48.232.178 - - [03/Apr/2026:08:54:08 +0000] "GET /config.php HTTP/1.1" 301 284 "-" "-"
20.48.232.178 - - [03/Apr/2026:08:54:10 +0000] "GET /index.php HTTP/1.1" 301 283 "-" "-"
20.48.232.178 - - [03/Apr/2026:08:54:17 +0000] "GET /system.php HTTP/1.1" 301 284 "-" "-"
20.48.232.178 - - [03/Apr/2026:08:54:26 +0000] "GET /s.php HTTP/1.1" 301 279 "-" "-"
20.48.232.178 - - [03/Apr/2026:08:54:28 +0000] "GET /content.php HTTP/1.1" 301 285 "-" "-"
20.48.232.178 - - [03/Apr/2026:08:54:29 +0000] "GET /wi.php HTTP/1.1" 301 280 "-" "-"
20.48.232.178 - - [03/Apr/2026:08:54:33 +0000] "GET /NewFile.php HTTP/1.1" 301 285 "-" "-"
20.48.232.178 - - [03/Apr/2026:08:54:36 +0000] "GET /plugins.php HTTP/1.1" 301 285 "-" "-"
20.48.232.178 - - [03/Apr/2026:08:54:37 +0000] "GET /item.php HTTP/1.1" 301 282 "-" "-"
20.48.232.178 - - [03/Apr/2026:08:54:39 +0000] "GET /xx.php HTTP/1.1" 301 280 "-" "-"
100.92.38.124 - - [03/Apr/2026:09:07:34 +0000] "GET /?rnd=1775207254778 HTTP/1.1" 301 296 "-" "Sucuri-UptimeMonitoring"
85.208.98.55 - - [03/Apr/2026:09:33:55 +0000] "GET /robots.txt HTTP/1.1" 301 284 "-" "Mozilla/5.0 (compatible; SemrushBot-SI/0.97; +http://www.semrush.com/bot.html)"
192.169.178.204 - - [03/Apr/2026:09:55:07 +0000] "GET /.well-known/acme-challenge/BM2RZ3I3XY4H27U91K7_CJFO2SK8Q6JL HTTP/1.1" 200 64 "-" "Cpanel-HTTP-Client/1.0"
192.169.178.204 - - [03/Apr/2026:09:55:07 +0000] "GET /.well-known/acme-challenge/WXK86RM1CZ59_4HZ_DIYFMR5S_AKS9_P HTTP/1.1" 200 64 "-" "Cpanel-HTTP-Client/1.0"
100.92.38.124 - - [03/Apr/2026:09:55:18 +0000] "GET /?rnd=1775210118212 HTTP/1.1" 301 296 "-" "Sucuri-UptimeMonitoring"
16.144.228.19 - - [03/Apr/2026:09:55:48 +0000] "GET /?rnd=1775210148291 HTTP/1.1" 301 296 "-" "Sucuri-UptimeMonitoring"
192.109.200.126 - - [03/Apr/2026:09:57:26 +0000] "GET /administrator/ HTTP/1.1" 301 288 "-" "Mozilla/5.0 (Windows NT 10.0; Win64; x64) AppleWebKit/537.36 (KHTML, like Gecko) Chrome/116.0.0.0 Safari/537.36"
192.109.200.126 - - [03/Apr/2026:09:57:44 +0000] "GET /administrator/index.php HTTP/1.1" 301 297 "-" "Mozilla/5.0 (Windows NT 10.0; Win64; x64) AppleWebKit/537.36 (KHTML, like Gecko) Chrome/116.0.0.0 Safari/537.36"
192.109.200.126 - - [03/Apr/2026:09:58:11 +0000] "GET /administrator/index2.php HTTP/1.1" 301 298 "-" "Mozilla/5.0 (Windows NT 10.0; Win64; x64) AppleWebKit/537.36 (KHTML, like Gecko) Chrome/116.0.0.0 Safari/537.36"
192.109.200.126 - - [03/Apr/2026:09:58:37 +0000] "GET /admin/ HTTP/1.1" 301 280 "-" "Mozilla/5.0 (Windows NT 10.0; Win64; x64) AppleWebKit/537.36 (KHTML, like Gecko) Chrome/116.0.0.0 Safari/537.36"
192.109.200.126 - - [03/Apr/2026:09:58:48 +0000] "GET /joomla/administrator/ HTTP/1.1" 301 295 "-" "Mozilla/5.0 (Windows NT 10.0; Win64; x64) AppleWebKit/537.36 (KHTML, like Gecko) Chrome/116.0.0.0 Safari/537.36"
192.109.200.126 - - [03/Apr/2026:09:58:50 +0000] "GET /cms/administrator/ HTTP/1.1" 301 292 "-" "Mozilla/5.0 (Windows NT 10.0; Win64; x64) AppleWebKit/537.36 (KHTML, like Gecko) Chrome/116.0.0.0 Safari/537.36"
192.109.200.126 - - [03/Apr/2026:09:58:52 +0000] "GET /site/administrator/ HTTP/1.1" 301 293 "-" "Mozilla/5.0 (Windows NT 10.0; Win64; x64) AppleWebKit/537.36 (KHTML, like Gecko) Chrome/116.0.0.0 Safari/537.36"
192.109.200.126 - - [03/Apr/2026:09:58:54 +0000] "GET /web/administrator/ HTTP/1.1" 301 292 "-" "Mozilla/5.0 (Windows NT 10.0; Win64; x64) AppleWebKit/537.36 (KHTML, like Gecko) Chrome/116.0.0.0 Safari/537.36"
192.109.200.126 - - [03/Apr/2026:09:58:56 +0000] "GET /portal/administrator/ HTTP/1.1" 301 295 "-" "Mozilla/5.0 (Windows NT 10.0; Win64; x64) AppleWebKit/537.36 (KHTML, like Gecko) Chrome/116.0.0.0 Safari/537.36"
27.46.75.11 - - [03/Apr/2026:10:04:15 +0000] "GET /robots.txt HTTP/1.1" 301 288 "-" "Mozilla/5.0 (Windows NT 10.0; WOW64) AppleWebKit/537.36 (KHTML, like Gecko) Chrome/71.0.4064.34 UBrowser/6.2.3964.2 Safari/537.36"
100.92.39.166 - - [03/Apr/2026:10:09:43 +0000] "GET /?rnd=1775210983030 HTTP/1.1" 301 296 "-" "Sucuri-UptimeMonitoring"
100.92.39.151 - - [03/Apr/2026:10:11:09 +0000] "GET /.git/HEAD HTTP/1.1" 301 287 "https://sucuri.net" "Mozilla/5.0 (Windows NT 6.3; WOW64; Trident/7.0; rv:11.0) like Gecko"
100.92.39.151 - - [03/Apr/2026:10:11:09 +0000] "GET / HTTP/1.1" 301 278 "https://sucuri.net" "Mozilla/5.0 (Windows NT 6.3; WOW64; Trident/7.0; rv:11.0) like Gecko"
100.92.39.151 - - [03/Apr/2026:10:11:09 +0000] "GET /404testpage4525d2fdc HTTP/1.1" 301 298 "https://sucuri.net" "Mozilla/5.0 (Windows NT 6.3; WOW64; Trident/7.0; rv:11.0) like Gecko"
100.92.39.151 - - [03/Apr/2026:10:11:09 +0000] "HEAD / HTTP/1.1" 301 - "-" "Go-http-client/1.1"
100.92.39.151 - - [03/Apr/2026:10:11:09 +0000] "GET /404javascript.js HTTP/1.1" 301 294 "https://www.google.com/url/?sa=t" "Mozilla/5.0 (Windows NT 6.3; WOW64; Trident/7.0; rv:11.0) like Gecko"
100.92.39.151 - - [03/Apr/2026:10:11:09 +0000] "TRACE / HTTP/1.1" 301 278 "-" "Mozilla/5.0 (Windows NT 6.1) AppleWebKit/537.36 (KHTML, like Gecko) Chrome/67.0.3396.99 Safari/537.36"
100.92.39.151 - - [03/Apr/2026:10:11:25 +0000] "GET / HTTP/1.1" 301 278 "-" "Mozilla/5.0 (iPad; CPU OS 11_4_1 like Mac OS X) AppleWebKit/605.1.15 (KHTML, like Gecko) Version/11.0 Mobile/15E148 Safari/604.1"
100.92.39.151 - - [03/Apr/2026:10:11:25 +0000] "GET / HTTP/1.1" 301 278 "https://www.google.com/images/url" "Mozilla/5.0 (compatible; Googlebot/2.1; +http://www.google.com/bot.html)"
43.172.195.145 - - [03/Apr/2026:10:13:48 +0000] "GET / HTTP/1.1" 301 274 "-" "Mozilla/5.0 (Windows NT 10.0; Win64; x64) AppleWebKit/537.36 (KHTML, like Gecko) Chrome/120.0.0.0 Safari/537.36"
43.173.182.7 - - [03/Apr/2026:10:14:02 +0000] "GET / HTTP/1.1" 301 274 "-" "Mozilla/5.0 (Windows NT 10.0; Win64; x64) AppleWebKit/537.36 (KHTML, like Gecko) Chrome/131.0.0.0 Safari/537.36"
182.9.35.44 - - [03/Apr/2026:10:43:33 +0000] "GET / HTTP/1.1" 301 274 "-" "Python/3.14 aiohttp/3.13.5"
192.42.116.15 - - [03/Apr/2026:10:47:37 +0000] "GET / HTTP/1.1" 301 274 "austinssckids.com" "Mozilla/5.0 (Windows NT 10.0; Win64; x64) AppleWebKit/537.36 (KHTML, like Gecko) Chrome/125.0.0.0 Safari/537.36"
223.244.35.77 - - [03/Apr/2026:10:54:07 +0000] "GET / HTTP/1.1" 301 278 "-" "Mozilla/5.0 (iPhone; CPU iPhone OS 13_2_3 like Mac OS X) AppleWebKit/605.1.15 (KHTML, like Gecko) Version/13.0.3 Mobile/15E148 Safari/604.1"
43.130.174.37 - - [03/Apr/2026:10:55:11 +0000] "GET / HTTP/1.1" 301 274 "-" "Mozilla/5.0 (iPhone; CPU iPhone OS 13_2_3 like Mac OS X) AppleWebKit/605.1.15 (KHTML, like Gecko) Version/13.0.3 Mobile/15E148 Safari/604.1"
100.92.39.180 - - [03/Apr/2026:10:56:07 +0000] "GET /?rnd=1775213767777 HTTP/1.1" 301 296 "-" "Sucuri-UptimeMonitoring"
100.92.36.177 - - [03/Apr/2026:11:10:32 +0000] "GET /?rnd=1775214632434 HTTP/1.1" 301 296 "-" "Sucuri-UptimeMonitoring"
100.92.36.177 - - [03/Apr/2026:11:56:58 +0000] "GET /?rnd=1775217418239 HTTP/1.1" 301 296 "-" "Sucuri-UptimeMonitoring"
100.92.36.220 - - [03/Apr/2026:12:11:22 +0000] "GET /?rnd=1775218282549 HTTP/1.1" 301 296 "-" "Sucuri-UptimeMonitoring"
34.215.252.241 - - [03/Apr/2026:12:11:52 +0000] "GET /?rnd=1775218312640 HTTP/1.1" 301 296 "-" "Sucuri-UptimeMonitoring"
100.88.134.162 - - [03/Apr/2026:12:21:25 +0000] "GET /?rnd=1775218342841 HTTP/1.1" 301 296 "-" "Sucuri-UptimeMonitoring"
151.247.193.51 - - [03/Apr/2026:12:22:59 +0000] "GET / HTTP/1.1" 301 274 "-" "Mozilla/5.0 (Windows NT 10.0; Win64; x64) AppleWebKit/537.36 (KHTML, like Gecko) Chrome/126.0.0.0 Safari/537.36"
192.169.178.204 - - [03/Apr/2026:12:55:08 +0000] "GET /.well-known/acme-challenge/9DXKU1ND6HEND0I69LHK_D_O20D_R-C6 HTTP/1.1" 200 64 "-" "Cpanel-HTTP-Client/1.0"
192.169.178.204 - - [03/Apr/2026:12:55:08 +0000] "GET /.well-known/acme-challenge/NFK2HIEN6XRMPP7DZLUAPTHS8AYC72MR HTTP/1.1" 200 64 "-" "Cpanel-HTTP-Client/1.0"
51.68.236.91 - - [03/Apr/2026:12:56:54 +0000] "GET /robots.txt HTTP/1.1" 301 288 "-" "Mozilla/5.0 (compatible; MJ12bot/v2.0.5; http://mj12bot.com/)"
51.68.236.91 - - [03/Apr/2026:12:57:12 +0000] "GET / HTTP/1.1" 301 278 "-" "Mozilla/5.0 (compatible; MJ12bot/v2.0.5; http://mj12bot.com/)"
100.92.36.220 - - [03/Apr/2026:12:57:50 +0000] "GET /?rnd=1775221070024 HTTP/1.1" 301 296 "-" "Sucuri-UptimeMonitoring"
100.92.39.180 - - [03/Apr/2026:13:12:12 +0000] "GET /?rnd=1775221932138 HTTP/1.1" 301 296 "-" "Sucuri-UptimeMonitoring"
43.166.131.228 - - [03/Apr/2026:13:18:18 +0000] "GET / HTTP/1.1" 301 278 "-" "Mozilla/5.0 (iPhone; CPU iPhone OS 13_2_3 like Mac OS X) AppleWebKit/605.1.15 (KHTML, like Gecko) Version/13.0.3 Mobile/15E148 Safari/604.1"
91.231.89.127 - - [03/Apr/2026:13:29:40 +0000] "GET / HTTP/1.1" 301 274 "-" "Mozilla/5.0 (X11; Ubuntu; Linux x86_64; rv:134.0) Gecko/20100101 Firefox/134.0"
100.92.39.121 - - [03/Apr/2026:13:58:39 +0000] "GET /?rnd=1775224718945 HTTP/1.1" 301 296 "-" "Sucuri-UptimeMonitoring"
167.86.78.166 - - [03/Apr/2026:14:10:24 +0000] "GET / HTTP/1.1" 301 274 "-" "Go-http-client/1.1"
209.97.187.48 - - [03/Apr/2026:14:12:11 +0000] "GET / HTTP/1.1" 301 278 "-" "Mozilla/5.0 (X11; Linux x86_64) AppleWebKit/537.36 (KHTML, like Gecko) Chrome/142.0.0.0 Safari/537.36"
209.97.187.48 - - [03/Apr/2026:14:12:11 +0000] "GET /favicon.ico HTTP/1.1" 301 289 "http://www.austinssckids.com/" "Mozilla/5.0 (X11; Linux x86_64) AppleWebKit/537.36 (KHTML, like Gecko) Chrome/142.0.0.0 Safari/537.36"
100.92.36.177 - - [03/Apr/2026:14:13:00 +0000] "GET /?rnd=1775225580895 HTTP/1.1" 301 296 "-" "Sucuri-UptimeMonitoring"
100.92.39.180 - - [03/Apr/2026:14:59:28 +0000] "GET /?rnd=1775228367913 HTTP/1.1" 301 296 "-" "Sucuri-UptimeMonitoring"
34.74.242.206 - - [03/Apr/2026:15:01:08 +0000] "GET /robots.txt HTTP/1.0" 301 284 "-" "ZoominfoBot (zoominfobot at zoominfo dot com)"
34.74.242.206 - - [03/Apr/2026:15:01:09 +0000] "GET / HTTP/1.0" 301 274 "-" "ZoominfoBot (zoominfobot at zoominfo dot com)"
87.121.84.62 - - [03/Apr/2026:15:53:08 +0000] "GET /public/assets/plugins/plupload/examples/upload.php HTTP/1.1" 301 324 "-" "ALittle Client"
192.169.178.204 - - [03/Apr/2026:15:55:11 +0000] "GET /.well-known/acme-challenge/YZPX0OMN8DU_9N4RRCCEPVMC0XFA5N9R HTTP/1.1" 200 64 "-" "Cpanel-HTTP-Client/1.0"
192.169.178.204 - - [03/Apr/2026:15:55:11 +0000] "GET /.well-known/acme-challenge/GKLN4RMO9YWWWCQHO8JGZNSKCQ_SUWOL HTTP/1.1" 200 64 "-" "Cpanel-HTTP-Client/1.0"
100.92.36.220 - - [03/Apr/2026:16:00:18 +0000] "GET /?rnd=1775232018037 HTTP/1.1" 301 296 "-" "Sucuri-UptimeMonitoring"
35.95.136.222 - - [03/Apr/2026:16:00:48 +0000] "GET /?rnd=1775232048148 HTTP/1.1" 301 296 "-" "Sucuri-UptimeMonitoring"
100.92.36.220 - - [03/Apr/2026:16:14:41 +0000] "GET /?rnd=1775232881635 HTTP/1.1" 301 296 "-" "Sucuri-UptimeMonitoring"
43.173.175.161 - - [03/Apr/2026:16:17:00 +0000] "GET / HTTP/1.1" 301 274 "-" "Mozilla/5.0 (Windows NT 10.0; Win64; x64) AppleWebKit/537.36 (KHTML, like Gecko) Chrome/116.0.0.0 Safari/537.36"
43.173.175.76 - - [03/Apr/2026:16:17:11 +0000] "GET / HTTP/1.1" 301 274 "-" "Mozilla/5.0 (Windows NT 10.0; Win64; x64) AppleWebKit/537.36 (KHTML, like Gecko) Chrome/109.0.0.0 Safari/537.36"
43.153.87.54 - - [03/Apr/2026:16:24:49 +0000] "GET / HTTP/1.1" 301 274 "-" "Mozilla/5.0 (iPhone; CPU iPhone OS 13_2_3 like Mac OS X) AppleWebKit/605.1.15 (KHTML, like Gecko) Version/13.0.3 Mobile/15E148 Safari/604.1"
151.247.193.51 - - [03/Apr/2026:16:27:07 +0000] "GET /? HTTP/1.1" 301 275 "-" "Go-http-client/1.1"
34.74.242.206 - - [03/Apr/2026:16:31:55 +0000] "GET /robots.txt HTTP/1.0" 301 288 "-" "ZoominfoBot (zoominfobot at zoominfo dot com)"
34.74.242.206 - - [03/Apr/2026:16:31:58 +0000] "GET / HTTP/1.0" 301 278 "-" "ZoominfoBot (zoominfobot at zoominfo dot com)"
91.231.89.100 - - [03/Apr/2026:16:50:25 +0000] "GET /.well-known/security.txt HTTP/1.1" 301 302 "-" "Mozilla/5.0 (X11; Ubuntu; Linux x86_64; rv:134.0) Gecko/20100101 Firefox/134.0"
100.92.36.220 - - [03/Apr/2026:17:01:12 +0000] "GET /?rnd=1775235672499 HTTP/1.1" 301 296 "-" "Sucuri-UptimeMonitoring"
100.92.37.237 - - [03/Apr/2026:17:15:33 +0000] "GET /?rnd=1775236533646 HTTP/1.1" 301 296 "-" "Sucuri-UptimeMonitoring"
20.166.9.204 - - [03/Apr/2026:17:46:42 +0000] "GET /wp-content/plugins/hellopress/wp_filemanager.php HTTP/1.1" 301 322 "-" "-"
20.166.9.204 - - [03/Apr/2026:17:46:45 +0000] "GET /wpb.php HTTP/1.1" 301 281 "-" "-"
122.51.236.174 - - [03/Apr/2026:17:51:41 +0000] "GET / HTTP/1.1" 301 274 "-" "Mozilla/5.0 (iPhone; CPU iPhone OS 13_2_3 like Mac OS X) AppleWebKit/605.1.15 (KHTML, like Gecko) Version/13.0.3 Mobile/15E148 Safari/604.1"
173.249.30.252 - - [03/Apr/2026:17:57:27 +0000] "GET /wp-admin/css/ HTTP/1.1" 301 287 "binance.com" "Mozilla/5.0 (Windows NT 10.0; Win64; x64) AppleWebKit/537.36 (KHTML, like Gecko) Chrome/90.0.4430.85 Safari/537.36"
173.249.30.252 - - [03/Apr/2026:17:57:42 +0000] "GET /wp-content/uploads/2026/04/ HTTP/1.1" 301 301 "binance.com" "Mozilla/5.0 (Windows NT 10.0; Win64; x64) AppleWebKit/537.36 (KHTML, like Gecko) Chrome/90.0.4430.85 Safari/537.36"
173.249.30.252 - - [03/Apr/2026:17:58:09 +0000] "GET /wp-content/uploads/2026/03/ HTTP/1.1" 301 301 "binance.com" "Mozilla/5.0 (Windows NT 10.0; Win64; x64) AppleWebKit/537.36 (KHTML, like Gecko) Chrome/90.0.4430.85 Safari/537.36"
173.249.30.252 - - [03/Apr/2026:17:58:36 +0000] "GET /wp-content/uploads/ HTTP/1.1" 301 293 "binance.com" "Mozilla/5.0 (Windows NT 10.0; Win64; x64) AppleWebKit/537.36 (KHTML, like Gecko) Chrome/90.0.4430.85 Safari/537.36"
173.249.30.252 - - [03/Apr/2026:17:59:07 +0000] "GET /wp-content/upgrade/ HTTP/1.1" 301 293 "binance.com" "Mozilla/5.0 (Windows NT 10.0; Win64; x64) AppleWebKit/537.36 (KHTML, like Gecko) Chrome/90.0.4430.85 Safari/537.36"
173.249.30.252 - - [03/Apr/2026:17:59:22 +0000] "GET /wp-content/languages/ HTTP/1.1" 301 295 "binance.com" "Mozilla/5.0 (Windows NT 10.0; Win64; x64) AppleWebKit/537.36 (KHTML, like Gecko) Chrome/90.0.4430.85 Safari/537.36"
173.249.30.252 - - [03/Apr/2026:17:59:34 +0000] "GET /wp-admin/includes/ HTTP/1.1" 301 292 "binance.com" "Mozilla/5.0 (Windows NT 10.0; Win64; x64) AppleWebKit/537.36 (KHTML, like Gecko) Chrome/90.0.4430.85 Safari/537.36"
173.249.30.252 - - [03/Apr/2026:17:59:48 +0000] "GET /wp-admin/includes/ HTTP/1.1" 301 292 "binance.com" "Mozilla/5.0 (Windows NT 10.0; Win64; x64) AppleWebKit/537.36 (KHTML, like Gecko) Chrome/90.0.4430.85 Safari/537.36"
173.249.30.252 - - [03/Apr/2026:18:00:18 +0000] "GET /wp-admin/maint/ HTTP/1.1" 301 289 "binance.com" "Mozilla/5.0 (Windows NT 10.0; Win64; x64) AppleWebKit/537.36 (KHTML, like Gecko) Chrome/90.0.4430.85 Safari/537.36"
173.249.30.252 - - [03/Apr/2026:18:00:32 +0000] "GET /wp-admin/maint/ HTTP/1.1" 301 289 "binance.com" "Mozilla/5.0 (Windows NT 10.0; Win64; x64) AppleWebKit/537.36 (KHTML, like Gecko) Chrome/90.0.4430.85 Safari/537.36"
173.249.30.252 - - [03/Apr/2026:18:00:46 +0000] "GET /wp-admin/network/ HTTP/1.1" 301 291 "binance.com" "Mozilla/5.0 (Windows NT 10.0; Win64; x64) AppleWebKit/537.36 (KHTML, like Gecko) Chrome/90.0.4430.85 Safari/537.36"
173.249.30.252 - - [03/Apr/2026:18:01:22 +0000] "GET /wp-admin/user/ HTTP/1.1" 301 288 "binance.com" "Mozilla/5.0 (Windows NT 10.0; Win64; x64) AppleWebKit/537.36 (KHTML, like Gecko) Chrome/90.0.4430.85 Safari/537.36"
100.92.39.121 - - [03/Apr/2026:18:02:02 +0000] "GET /?rnd=1775239322415 HTTP/1.1" 301 296 "-" "Sucuri-UptimeMonitoring"
173.249.30.252 - - [03/Apr/2026:18:02:08 +0000] "GET /wp-admin/css/ HTTP/1.1" 301 287 "binance.com" "Mozilla/5.0 (Windows NT 10.0; Win64; x64) AppleWebKit/537.36 (KHTML, like Gecko) Chrome/90.0.4430.85 Safari/537.36"
173.249.30.252 - - [03/Apr/2026:18:02:22 +0000] "GET /wp-admin/css/colors/ HTTP/1.1" 301 294 "binance.com" "Mozilla/5.0 (Windows NT 10.0; Win64; x64) AppleWebKit/537.36 (KHTML, like Gecko) Chrome/90.0.4430.85 Safari/537.36"
173.249.30.252 - - [03/Apr/2026:18:02:33 +0000] "GET /wp-admin/css/colors/blue/ HTTP/1.1" 301 299 "binance.com" "Mozilla/5.0 (Windows NT 10.0; Win64; x64) AppleWebKit/537.36 (KHTML, like Gecko) Chrome/90.0.4430.85 Safari/537.36"
173.249.30.252 - - [03/Apr/2026:18:02:47 +0000] "GET /wp-admin/css/colors/coffee/ HTTP/1.1" 301 301 "binance.com" "Mozilla/5.0 (Windows NT 10.0; Win64; x64) AppleWebKit/537.36 (KHTML, like Gecko) Chrome/90.0.4430.85 Safari/537.36"
173.249.30.252 - - [03/Apr/2026:18:03:01 +0000] "GET /wp-admin/css/colors/ectoplasm/ HTTP/1.1" 301 304 "binance.com" "Mozilla/5.0 (Windows NT 10.0; Win64; x64) AppleWebKit/537.36 (KHTML, like Gecko) Chrome/90.0.4430.85 Safari/537.36"
173.249.30.252 - - [03/Apr/2026:18:03:15 +0000] "GET /wp-admin/css/colors/light/ HTTP/1.1" 301 300 "binance.com" "Mozilla/5.0 (Windows NT 10.0; Win64; x64) AppleWebKit/537.36 (KHTML, like Gecko) Chrome/90.0.4430.85 Safari/537.36"
173.249.30.252 - - [03/Apr/2026:18:03:30 +0000] "GET /wp-admin/css/colors/midnight/ HTTP/1.1" 301 303 "binance.com" "Mozilla/5.0 (Windows NT 10.0; Win64; x64) AppleWebKit/537.36 (KHTML, like Gecko) Chrome/90.0.4430.85 Safari/537.36"
173.249.30.252 - - [03/Apr/2026:18:03:44 +0000] "GET /wp-admin/css/colors/modern/ HTTP/1.1" 301 301 "binance.com" "Mozilla/5.0 (Windows NT 10.0; Win64; x64) AppleWebKit/537.36 (KHTML, like Gecko) Chrome/90.0.4430.85 Safari/537.36"
173.249.30.252 - - [03/Apr/2026:18:03:58 +0000] "GET /wp-admin/css/colors/ocean/ HTTP/1.1" 301 300 "binance.com" "Mozilla/5.0 (Windows NT 10.0; Win64; x64) AppleWebKit/537.36 (KHTML, like Gecko) Chrome/90.0.4430.85 Safari/537.36"
173.249.30.252 - - [03/Apr/2026:18:04:13 +0000] "GET /wp-admin/css/colors/sunrise/%20 HTTP/1.1" 301 305 "binance.com" "Mozilla/5.0 (Windows NT 10.0; Win64; x64) AppleWebKit/537.36 (KHTML, like Gecko) Chrome/90.0.4430.85 Safari/537.36"
